NOAA-Style Climate Reports


Raport dla 2018 listopad
                   Monthly Climatological Summary for lis 2018

Name: Œlesin k. Konina   City: Œlesin   State: Poland
Elevation: 81 m  Lat: N 52° 21' 26"   Lon: E 018° 18' 35"

                  Temperature (°C), Rain (mm), Wind Speed (km/h)

                                      Heat  Cool        Avg
    Mean                              Deg   Deg         Wind                 Dom
Day Temp  High   Time   Low    Time   Days  Days  Rain  Speed High   Time    Dir
----------------------------------------------------------------------------------
 1  10.1  16.8   12:59   8.0   06:29  19.1   7.6   0.0  13.3  29.5   11:52   SSE
 2  13.6  16.5   12:15  10.5   19:39  11.4   8.6   0.0   4.4  17.3   04:41   WSW
 3  10.1  11.0   00:00   8.5   22:09  14.9   5.1   6.5   1.3   8.6   06:34     N
 4  10.5  12.6   23:32   8.6   02:37  14.5   5.5   0.0  13.8  30.6   17:28    SE
 5  12.5  15.6   13:07   8.5   21:56  12.5   7.5   0.0  15.5  28.1   09:48   SSE
 6  11.8  18.4   12:56   7.1   05:51  13.2   6.8   0.3   9.5  23.4   13:13   SSE
 7  10.0  14.8   13:12   6.8   06:29  15.0   5.0   0.0  11.1  27.0   09:16   SSE
 8  10.0  13.5   12:48   5.1   07:02  14.1   4.7   0.0   4.2  13.3   11:26   WSW
 9   9.4  10.2   12:56   8.8   00:00  15.6   4.4   0.0   2.6  11.2   19:53    SE
10   9.8  14.0   12:55   7.4   07:17  15.2   4.8   0.0   7.0  20.9   23:30    SE
11   8.1  11.3   12:04   4.7   22:03  17.2   3.1   0.0  10.1  22.0   09:27   SSE
12   8.5  13.5   13:34   4.5   02:15  16.3   3.5   0.3   4.4  13.3   09:33   SSE
13  10.0  14.0   13:02   6.7   03:23  14.8   5.0   2.0   8.5  29.5   23:29     W
14   9.0  10.2   13:36   7.8   07:28  16.0   4.0   0.3  11.2  36.7   14:28     W
15   8.5  10.6   12:35   5.5   23:58  16.5   3.5   0.0   1.4   8.6   17:11     N
16   4.6   6.1   03:08   1.3   23:53  20.4   0.3   0.0  12.1  33.1   09:49    SE
----------------------------------------------------------------------------------
     9.8  18.4     6     1.3    16   246.7  79.4   9.4   8.2  36.7    14     SSE

Max >=  25.0:  0
Max <=  15.0: 12
Min <=   0.0:  0
Min <= -15.0:  0
Max Rain: 6.5 on day 3
Days of Rain: 5 (>= 0.2 mm)  2 (>= 2.0 mm)  0 (>= 20.0 mm)
Heat Base: 25.0  Cool Base: 5.0  Method: Integration