NOAA-Style Climate Reports

Select a Year or Month report
2019: sty lut mar kwi maj cze lip sie wrz paY lis gru
2018: sty lut mar kwi maj cze lip sie wrz paY lis gru
2017: sty lut mar kwi maj cze lip sie wrz paY lis gru
2016: sty lut mar kwi maj cze lip sie wrz paY lis gru
2015: sty lut mar kwi maj cze lip sie wrz paY lis gru
2014: sty lut mar kwi maj cze lip sie wrz paY lis gru
2013: sty lut mar kwi maj cze lip sie wrz paY lis gru
2012: sty lut mar kwi maj cze lip sie wrz paY lis gru

Raport dla 2019 styczeń
                   Monthly Climatological Summary for sty 2019

Name: Œlesin k. Konina   City: Œlesin   State: Poland
Elevation: 81 m  Lat: N 52° 21' 26"   Lon: E 018° 18' 35"

                  Temperature (°C), Rain (mm), Wind Speed (km/h)

                                      Heat  Cool        Avg
    Mean                              Deg   Deg         Wind                 Dom
Day Temp  High   Time   Low    Time   Days  Days  Rain  Speed High   Time    Dir
----------------------------------------------------------------------------------
 1   5.2   7.3   13:40   2.5   23:51  19.8   0.7   3.4  26.0  51.5   11:09     W
 2   2.3   3.8   03:22  -2.8   22:51  22.7   0.0   1.4  21.2  46.4   10:26   NNW
 3  -0.7   0.8   12:07  -2.4   20:48  25.7   0.0   0.0  15.9  42.8   01:01   NNW
 4  -0.4   1.7   22:36  -2.8   09:45  25.4   0.0   8.7  13.0  35.6   13:14     W
 5   2.3   4.3   14:32  -0.1   04:46  22.3   0.1   0.0   9.0  29.5   03:29    NW
 6  -0.7   1.6   01:26  -3.5   20:31  25.7   0.0   0.0   8.8  29.5   10:32   NNE
 7  -1.2   0.8   13:09  -3.5   00:00  26.2   0.0   0.0   4.9  18.4   12:06    SW
 8   1.7   3.3   21:16  -1.1   00:00  23.3   0.0   6.8  11.7  28.1   23:17    SW
 9   1.3   2.5   00:42  -1.0   22:27  23.7   0.0   2.7   5.9  24.5   00:09   WNW
10  -1.2  -0.1   06:59  -2.7   23:23  26.2   0.0   2.3   6.3  23.4   07:18   NNE
11  -0.6   2.0   23:35  -3.4   02:24  25.6   0.0   0.0  12.7  35.6   19:25   WSW
12   2.6   3.9   19:27   1.1   02:29  21.4   0.0   1.0  12.7  36.7   23:04     W
13   4.7   6.0   22:06   3.1   00:00  20.3   0.2   3.1  21.3  36.7   15:22     W
14   2.1   5.6   01:29  -2.8   18:39  22.5   0.1   1.4  22.7  72.0   17:44   WNW
15   1.4   5.1   23:31  -0.1   07:42  23.9   0.0   1.7  22.9  46.4   03:21     W
16   5.7   6.8   12:06   4.8   08:29  19.3   0.7   1.0  17.1  35.6   12:57     W
17   4.8   6.2   13:44   3.3   04:07  20.2   0.3   0.7  17.2  56.2   08:42     W
18   1.4   5.2   00:12  -1.2   22:05  23.6   0.0   0.0  18.0  72.0   02:47   WNW
19  -0.5   1.2   13:40  -3.0   23:42  25.5   0.0   0.0   7.9  23.4   02:08     W
20  -2.5   0.0   13:32  -4.2   08:18  27.5   0.0   0.0   2.1  11.2   22:37     W
21  -3.6  -2.9   11:35  -4.5   05:15  28.6   0.0   0.0  10.4  23.4   09:36   WSW
22  -4.7  -3.4   14:12  -7.3   20:00  29.7   0.0   0.0   6.2  17.3   15:45   SSE
23  -4.2  -2.2   14:22  -7.1   02:30  29.2   0.0   0.0  15.5  33.1   16:39    SE
----------------------------------------------------------------------------------
     0.7   7.3     1    -7.3    22   558.3   2.1  34.2  13.5  72.0    14       W

Max >=  25.0:  0
Max <=  15.0: 23
Min <=   0.0: 18
Min <= -15.0:  0
Max Rain: 8.7 on day 4
Days of Rain: 12 (>= 0.2 mm)  6 (>= 2.0 mm)  0 (>= 20.0 mm)
Heat Base: 25.0  Cool Base: 5.0  Method: Integration