NOAA-Style Climate Reports

Select a Year or Month report
2018: sty lut mar kwi maj cze lip sie wrz paY lis gru
2017: sty lut mar kwi maj cze lip sie wrz paY lis gru
2016: sty lut mar kwi maj cze lip sie wrz paY lis gru
2015: sty lut mar kwi maj cze lip sie wrz paY lis gru
2014: sty lut mar kwi maj cze lip sie wrz paY lis gru
2013: sty lut mar kwi maj cze lip sie wrz paY lis gru
2012: sty lut mar kwi maj cze lip sie wrz paY lis gru

Raport dla 2018 lipiec
                   Monthly Climatological Summary for lip 2018

Name: Œlesin k. Konina   City: Œlesin   State: Poland
Elevation: 81 m  Lat: N 52° 21' 26"   Lon: E 018° 18' 35"

                  Temperature (°C), Rain (mm), Wind Speed (km/h)

                                      Heat  Cool        Avg
    Mean                              Deg   Deg         Wind                 Dom
Day Temp  High   Time   Low    Time   Days  Days  Rain  Speed High   Time    Dir
----------------------------------------------------------------------------------
 1  14.0  18.0   13:52   8.9   04:30  11.0   9.0   0.0   8.1  30.6   12:09   NNW
 2  15.3  20.5   15:58   9.5   02:17   9.7  10.3   0.0   9.1  30.6   15:49    NW
 3  20.0  25.5   13:33  14.0   03:41   5.0  15.0   0.0   8.5  30.6   12:50    NW
 4  22.0  28.8   15:32  13.9   01:59   4.1  17.0   0.0   5.3  25.6   11:22   WNW
 5  22.9  30.2   12:51  12.2   04:38   4.0  17.9   0.0   7.0  40.3   15:30    NW
 6  20.8  25.1   15:55  16.8   05:10   4.1  15.8   0.0   9.7  29.5   11:21    NW
 7  20.4  26.4   14:36  14.3   04:53   4.8  15.6   0.0   9.5  29.5   12:19    NW
 8  20.5  26.9   16:07  15.5   05:00   4.6  15.5   0.0   4.2  19.4   09:53   NNW
 9  20.5  27.6   14:28  15.0   03:44   3.5  11.5   0.0   2.6  15.8   08:58    SW
10  19.0  22.8   13:45  16.6   05:32   6.0  13.8   1.4   4.3  24.5   15:35   WNW
11  19.3  24.2   16:10  17.1   05:42   5.7  14.2   9.5   1.6  11.2   15:27     W
12  17.9  22.4   13:38  15.0   03:18   7.1  12.9   1.4   6.8  34.2   16:27   WSW
13  17.1  19.1   17:22  14.7   04:07   7.9  12.1  25.7   7.9  25.6   15:40   WNW
14  18.6  24.3   13:23  16.5   01:31   6.6  13.9  16.6   7.8  31.7   12:40    NW
15  20.3  26.6   15:25  14.2   04:59   5.0  15.1   0.0   9.4  28.1   11:55    NW
16  20.4  25.5   12:33  17.0   05:13   4.6  15.4   1.9   5.8  20.9   10:41   NNW
17  19.5  21.6   15:43  18.1   04:29   5.5  14.5  27.8   8.9  33.1   16:11   NNW
18  20.9  23.3   17:06  19.4   01:03   4.1  15.9   0.7   9.6  31.7   15:34   NNW
19  20.3  22.0   17:39  18.8   03:32   4.7  15.3   1.5   9.2  27.0   00:23    NW
20  21.9  26.8   15:03  16.5   05:03   3.4  16.9   0.0   9.0  28.1   12:35   WNW
21  21.5  27.6   15:30  15.6   05:19   3.7  15.4   0.0   4.4  23.4   14:55   WNW
22  22.1  27.9   16:07  15.3   04:53   3.7  17.1   0.0   2.8  15.8   14:20    NW
----------------------------------------------------------------------------------
    19.8  30.2     5     8.9     1   118.8 320.1  86.5   6.9  40.3     5      NW

Max >=  25.0: 12
Max <=  15.0:  0
Min <=   0.0:  0
Min <= -15.0:  0
Max Rain: 27.8 on day 17
Days of Rain: 9 (>= 0.2 mm)  4 (>= 2.0 mm)  2 (>= 20.0 mm)
Heat Base: 25.0  Cool Base: 5.0  Method: Integration