NOAA-Style Climate Reports


Raport dla 2019 maj
                   Monthly Climatological Summary for maj 2019

Name: Œlesin k. Konina   City: Œlesin   State: Poland
Elevation: 81 m  Lat: N 52° 21' 26"   Lon: E 018° 18' 35"

                  Temperature (°C), Rain (mm), Wind Speed (km/h)

                                      Heat  Cool        Avg
    Mean                              Deg   Deg         Wind                 Dom
Day Temp  High   Time   Low    Time   Days  Days  Rain  Speed High   Time    Dir
----------------------------------------------------------------------------------
 1  13.3  20.0   15:35   7.1   05:03  11.6   8.4   0.0   7.7  39.2   16:21   NNW
 2  11.2  13.5   18:20   9.2   06:59  13.8   6.2   0.0  19.2  43.9   15:19     W
 3  10.4  13.2   16:20   5.5   23:58  14.6   5.4   0.0  13.3  34.2   03:48     W
 4   7.9  12.6   14:22   0.0   21:20  17.1   3.1   5.8  10.2  35.6   17:44   WNW
 5   7.6  12.9   16:55   3.7   05:29  17.4   2.9   0.3   6.7  72.0   07:19     N
 6   8.4  14.0   14:29   0.0   06:36  16.6   4.2   0.0   5.5  72.0   03:54    NW
 7   9.4  14.6   16:20   5.0   05:09  15.6   4.4   0.0   7.1  27.0   14:07    NW
 8  10.8  16.3   16:06   2.6   05:24  14.2   6.0   0.0  10.6  30.6   15:15   SSE
 9  10.6  13.0   14:33   8.9   23:52  14.4   5.6   0.7  13.0  27.0   07:21   SSE
10  12.9  20.4   15:09   8.8   00:08  12.1   7.9   0.7   6.3  33.1   15:32     W
11  14.0  18.3   15:41  10.3   05:45  11.0   9.0   0.3   5.1  19.4   12:15   WNW
12  10.0  13.9   00:00   7.7   23:47  15.0   5.0   7.1   9.2  31.7   16:42     N
13   9.6  13.4   15:01   0.0   22:16  15.3   4.6   0.0   7.9  29.5   13:42   NNW
14   8.0  10.5   13:39   5.8   05:50  17.0   3.0   0.0   6.3  25.6   15:21   NNE
15   8.8  13.1   15:40   6.0   03:09  16.2   3.8   4.1   6.6  27.0   22:37   NNE
16   7.4  11.8   04:07   6.4   04:53  17.6   2.4  13.9   3.0  15.8   13:38   WSW
17   6.5   7.1   23:35   6.4   00:00  18.5   1.5   1.0   2.7  13.3   10:18   WSW
18   6.6  10.2   06:01   6.4   06:06  18.3   1.6   0.0   4.6  23.4   08:53   SSE
19  14.6  24.1   15:54   6.4   00:00  10.3   9.6   0.0   5.6  24.5   16:50   ESE
----------------------------------------------------------------------------------
     9.9  24.1    19     0.0     4   286.6  94.6  33.9   7.9  72.0     5     WNW

Max >=  25.0:  0
Max <=  15.0: 14
Min <=   0.0:  3
Min <= -15.0:  0
Max Rain: 13.9 on day 16
Days of Rain: 9 (>= 0.2 mm)  4 (>= 2.0 mm)  0 (>= 20.0 mm)
Heat Base: 25.0  Cool Base: 5.0  Method: Integration