NOAA-Style Climate Reports

Select a Year or Month report
2019: sty lut mar kwi maj cze lip sie wrz paY lis gru
2018: sty lut mar kwi maj cze lip sie wrz paY lis gru
2017: sty lut mar kwi maj cze lip sie wrz paY lis gru
2016: sty lut mar kwi maj cze lip sie wrz paY lis gru
2015: sty lut mar kwi maj cze lip sie wrz paY lis gru
2014: sty lut mar kwi maj cze lip sie wrz paY lis gru
2013: sty lut mar kwi maj cze lip sie wrz paY lis gru
2012: sty lut mar kwi maj cze lip sie wrz paY lis gru

Raport dla 2019 marzec
                   Monthly Climatological Summary for mar 2019

Name: Œlesin k. Konina   City: Œlesin   State: Poland
Elevation: 81 m  Lat: N 52° 21' 26"   Lon: E 018° 18' 35"

                  Temperature (°C), Rain (mm), Wind Speed (km/h)

                                      Heat  Cool        Avg
    Mean                              Deg   Deg         Wind                 Dom
Day Temp  High   Time   Low    Time   Days  Days  Rain  Speed High   Time    Dir
----------------------------------------------------------------------------------
 1  11.3   4.4   13:34  -0.5   22:11  13.8   8.0   0.0   4.0  13.3   12:09   NNW
 2   7.5   5.5   16:23   2.6   04:25  16.2   3.4   0.0   4.1  33.1   11:41   WSW
 3  18.0  10.7   14:23   2.6   04:59   7.1  13.1   2.4  11.2  36.7   18:49   WSW
 4  11.4  16.1   14:14   7.4   23:54  13.6   6.4   0.3  19.3  55.1   21:23     W
 5   6.6   9.8   14:13   2.5   05:08  18.2   1.7   2.0  30.1  72.0   02:02     W
 6   6.0  11.9   14:47   2.1   06:40  19.3   1.7   0.0  11.7  72.0   05:09   WSW
 7   5.3  13.8   12:15   4.3   12:28  19.4   2.1   0.0  12.3  35.6   19:18    SW
 8   9.1  12.4   13:37   5.2   23:53  15.7   4.1   0.0  24.4  74.5   11:39     W
 9   6.2   9.3   17:00   3.9   05:02  18.7   1.4  10.9  16.5  61.2   11:38     W
10   5.5   8.8   13:20   1.3   23:57  19.5   0.9   7.7  20.7  63.7   01:52     W
11   3.0   5.3   15:38   1.1   00:07  21.8   0.0   1.7  15.2  34.2   03:03     W
12   2.8   6.0   14:15   0.6   05:59  22.2   0.1   0.0  11.3  30.6   14:18     W
13   5.8   9.8   13:54   1.7   00:00  19.1   1.6   0.3  14.4  47.9   13:24   WSW
14   6.7  10.2   13:29   4.3   06:57  18.3   1.7   1.7  16.7  72.0   07:47   WSW
15   6.5   9.6   14:54   4.5   22:21  18.5   1.5   6.1  17.7  57.6   23:04     W
16   7.3   9.9   13:39   5.5   22:07  17.9   2.3   0.7  22.9  60.1   01:28     W
17  10.7  17.5   15:24   5.8   00:00  13.8   5.5   1.0  14.0  43.9   15:51     W
18   6.9   9.2   15:29   4.7   23:57  18.1   1.9   0.0  22.1  51.5   13:04     W
19   5.2   8.8   14:50   3.1   04:53  19.8   0.7   0.3  13.3  30.6   02:14     W
20   6.2  10.9   15:21   0.5   05:11  18.8   2.3   0.0   9.1  30.6   16:48     W
21  10.6  14.8   13:20   7.9   07:18  14.4   5.6   0.0  11.7  25.6   16:49     W
22   9.0  12.6   14:16   2.8   23:51  16.0   4.1   0.0   4.9  20.9   01:39   WNW
----------------------------------------------------------------------------------
     7.6  17.5    17    -0.5     1   380.2  70.1  35.1  14.8  74.5     8       W

Max >=  25.0:  0
Max <=  15.0: 20
Min <=   0.0:  1
Min <= -15.0:  0
Max Rain: 10.9 on day 9
Days of Rain: 12 (>= 0.2 mm)  5 (>= 2.0 mm)  0 (>= 20.0 mm)
Heat Base: 25.0  Cool Base: 5.0  Method: Integration