NOAA-Style Climate Reports


Raport dla 2012 wrzesień
                   Monthly Climatological Summary for wrz 2012

Name: Œlesin k. Konina   City: Œlesin   State: Poland
Elevation: 81 ft  Lat: N 52° 21' 26"   Lon: E 018° 18' 35"

                  Temperature (°C), Rain (mm), Wind Speed (km/h)

                                      Heat  Cool        Avg
    Mean                              Deg   Deg         Wind                 Dom
Day Temp  High   Time   Low    Time   Days  Days  Rain  Speed High   Time    Dir
----------------------------------------------------------------------------------
 1  17.2  21.2   15:07  13.9   21:38   1.7   0.6   0.0   3.1  17.3   18:18   NNW
 2  18.8  24.4   13:08  10.8   06:17   1.7   2.2   0.0   2.1  12.2   13:10    SW
 3  19.2  25.0   14:56  14.0   04:32   1.3   2.2   0.0   2.4  19.4   15:05   NNW
 4  17.2  24.2   16:18  10.5   06:03   2.7   1.6   0.0   2.4  17.3   16:18    NW
 5  17.5  23.9   12:33  11.3   03:03   2.1   1.3   0.0   4.2  18.4   12:33   WNW
 6  15.2  19.0   13:03  11.7   23:48   3.1   0.0   0.0   7.1  33.1   16:18    NW
 7  13.9  17.1   12:33  10.4   03:48   4.5   0.0   0.3  10.5  34.2   11:03   WNW
 8  16.1  19.9   17:04  12.6   06:17   2.6   0.2   0.0   8.6  34.2   13:02   WNW
 9  17.0  22.9   16:20  12.8   06:17   2.5   1.1   0.0   4.1  18.4   00:40   WSW
10  19.7  29.3   15:31  10.5   06:17   2.4   3.9   0.0   5.3  27.0   11:38   SSE
11  22.0  31.4   15:54  12.9   06:07   1.4   5.1   0.0   3.5  33.1   20:10   SSW
12  15.8  20.0   02:51  12.1   20:21   2.6   0.1   9.0   5.1  19.4   14:36    NW
13  11.9  14.4   15:51  10.4   06:51   6.4   0.0  11.7   3.1  17.3   13:21     N
14  14.2  19.7   15:21   8.1   04:21   4.3   0.1   0.0   6.0  36.7   14:36   WSW
15  15.0  17.4   14:24  12.7   06:40   3.5   0.0   0.0  10.1  37.8   13:25   WNW
16  15.8  19.8   15:46  11.6   23:47   2.9   0.2   0.0   4.6  18.4   00:19     W
17  15.7  23.0   13:47   9.7   05:02   3.8   1.2   0.0   3.7  20.9   12:17     S
18  16.5  24.2   16:17   8.6   06:32   3.5   1.7   0.0   3.1  17.3   16:17   SSW
19  13.4  16.2   00:02  10.8   23:49   4.9   0.0   6.6   5.7  33.1   07:47   WNW
20  11.6  16.5   16:19   7.6   06:04   6.7   0.0   0.0   5.0  23.4   14:19   WNW
21  10.7  17.1   12:19   3.7   06:49   7.6   0.0   0.0   3.5  18.4   12:34     S
22  11.8  16.7   15:49   7.4   01:46   7.2   0.0   1.8   8.8  41.8   22:15     W
23  10.5  15.7   15:44   5.1   23:49   8.6   0.0   0.0  11.3  37.8   14:10   WNW
24  10.5  16.7   15:03   2.9   02:26   8.0   0.0   0.0   8.6  36.7   15:20    SE
25  14.9  21.3   16:09  10.6   03:56   4.2   0.5   1.5   4.6  21.9   14:11     W
26  17.0  24.6   13:57   9.7   06:07   3.1   1.8   0.0   5.7  28.1   10:32   SSE
27  15.1  20.1   11:27  12.9   07:17   3.3   0.1   0.0   6.7  39.2   11:27   WSW
28  14.6  18.5   16:17  10.9   23:17   3.7   0.0   0.0   9.6  35.6   14:37     W
29  14.5  20.7   15:06   8.0   07:07   4.2   0.4   0.0   3.8  35.6   23:55    SW
30  12.4  17.7   15:44   5.9   23:31   6.0   0.0   0.0   7.5  43.9   11:45   WNW
----------------------------------------------------------------------------------
    15.2  31.4    11     2.9    24   120.5  24.3  30.9   5.8  43.9    30       W

Max >=  25.0:  3
Max <=  15.0:  1
Min <=   0.0:  0
Min <= -15.0:  0
Max Rain: 11.7 on day 13
Days of Rain: 6 (>= 0.2 mm)  3 (>= 2.0 mm)  0 (>= 20.0 mm)
Heat Base: 25.0  Cool Base: 5.0  Method: Integration