NOAA-Style Climate Reports


Raport dla 2012 paYdziernik
                   Monthly Climatological Summary for paŸ 2012

Name: Œlesin k. Konina   City: Œlesin   State: Poland
Elevation: 81 ft  Lat: N 52° 21' 26"   Lon: E 018° 18' 35"

                  Temperature (°C), Rain (mm), Wind Speed (km/h)

                                      Heat  Cool        Avg
    Mean                              Deg   Deg         Wind                 Dom
Day Temp  High   Time   Low    Time   Days  Days  Rain  Speed High   Time    Dir
----------------------------------------------------------------------------------
 1  10.1  15.5   12:17   3.9   07:07   8.3   0.0   3.9   4.4  24.5   11:27    SE
 2  13.8  18.7   14:57   9.9   07:47   4.5   0.0   0.0   3.6  17.3   01:17   WSW
 3  13.1  20.0   15:38   7.1   07:08   5.4   0.2   0.0   3.2  19.4   13:58   WSW
 4  15.6  21.3   14:18  11.0   23:58   3.4   0.7   4.2   9.7  60.1   22:18   WSW
 5  12.8  17.0   22:39   9.6   07:18   5.5   0.0   0.0  13.6  42.8   00:48     W
 6  14.6  20.4   15:13   9.9   23:34   4.0   0.3   1.8  11.2  68.4   19:30     W
 7   7.6   7.6   00:06   7.6   00:06   0.0   0.0   0.0   7.5  12.2   00:06     W
 8  10.0  12.7   13:17   7.4   01:07   8.3   0.0   0.0  10.4  31.7   10:07   WNW
 9   9.2  12.6   14:58   5.0   06:58   9.1   0.0   0.0  13.5  45.4   18:38   WNW
10   7.5   9.9   12:38   6.0   08:18  10.8   0.0   2.7  10.1  28.1   14:38     W
11   7.3  10.8   15:38   2.2   23:58  11.0   0.0   0.0   5.8  22.0   16:18   WNW
12   5.5  11.6   15:58   0.0   07:28  12.7   0.0   0.0   6.7  27.0   20:18    SE
13   9.6  14.4   14:38   5.0   21:31   8.7   0.0   0.0   6.9  34.2   13:02   WSW
14   9.2  15.2   14:39   4.2   03:17   9.1   0.0   0.0   4.9  30.6   12:50   SSW
15  13.2  18.5   14:48   7.3   01:48   5.2   0.0   0.0   7.2  22.0   22:59     S
16   9.2  11.2   00:09   8.4   06:29   9.1   0.0  11.5   2.3  13.3   23:29    NW
17   9.4  14.5   14:49   6.4   07:39   8.9   0.0   0.3   4.5  15.8   10:29   WSW
18  11.4  19.3   14:59   5.2   05:49   6.9   0.1   0.0   4.1  15.8   13:49   SSE
19  12.4  19.6   14:01   6.8   06:51   6.1   0.2   0.0   3.1  14.8   15:21   SSE
20  12.2  19.9   14:54   7.0   07:41   6.3   0.2   0.0   3.7  15.8   15:00    SE
21   9.2  12.3   13:29   6.6   03:21   9.3   0.0   0.0   1.0  11.2   20:19    SE
22  10.8  12.7   15:01   8.6   02:11   7.5   0.0   0.3   0.9   8.6   00:02     E
23  11.1  13.7   14:11   9.1   06:41   7.2   0.0   0.0   0.5   7.2   14:41     E
24   8.5   9.8   14:21   7.6   08:21   9.8   0.0   0.3   4.8  17.3   10:11   SSE
25   9.2  12.3   14:31   6.9   22:11   9.1   0.0   1.0  10.1  33.1   15:21     W
26   4.0   7.1   00:01  -0.2   22:41  14.3   0.0   1.4   6.4  42.8   03:31    NW
27   1.2   2.8   11:53   0.0   00:01  17.2   0.0   0.0   7.1  40.3   21:09   ENE
28   2.0   7.0   13:18  -1.0   23:42  16.7   0.0   0.7   4.7  19.4   00:05   NNW
29  -0.3   2.0   14:42  -2.4   07:02  18.6   0.0   0.0   1.6  15.8   21:42    SE
30   2.1   5.8   13:02  -1.2   05:32  16.2   0.0   0.0   5.8  27.0   12:32   WSW
31   5.1   9.0   13:03   2.8   22:43  13.2   0.0   0.0   8.0  24.5   20:13     S
----------------------------------------------------------------------------------
     8.9  21.3     4    -2.4    29   282.4   1.7  28.1   6.0  68.4     6     WSW

Max >=  25.0:  0
Max <=  15.0: 20
Min <=   0.0:  6
Min <= -15.0:  0
Max Rain: 11.5 on day 16
Days of Rain: 11 (>= 0.2 mm)  4 (>= 2.0 mm)  0 (>= 20.0 mm)
Heat Base: 25.0  Cool Base: 5.0  Method: Integration