NOAA-Style Climate Reports


Raport dla 2012 listopad
                   Monthly Climatological Summary for lis 2012

Name: Œlesin k. Konina   City: Œlesin   State: Poland
Elevation: 81 ft  Lat: N 52° 21' 26"   Lon: E 018° 18' 35"

                  Temperature (°C), Rain (mm), Wind Speed (km/h)

                                      Heat  Cool        Avg
    Mean                              Deg   Deg         Wind                 Dom
Day Temp  High   Time   Low    Time   Days  Days  Rain  Speed High   Time    Dir
----------------------------------------------------------------------------------
 1   4.9   7.7   12:16   1.0   07:03  13.5   0.0   3.7  15.5  39.2   15:46   SSE
 2   7.3  10.9   11:57   1.9   23:48  11.1   0.0   0.0   6.3  29.5   12:53   WSW
 3   7.4  11.0   13:11   1.1   01:03  11.0   0.0   2.4   8.4  42.8   10:51   WSW
 4   9.2  11.2   13:25   8.3   23:52   9.2   0.0   1.0   8.8  33.1   21:22   SSW
 5   8.2   9.6   03:53   5.9   23:24  10.1   0.0   3.7   8.7  25.6   10:54     W
 6   5.7   6.9   11:54   4.2   19:24  12.6   0.0   0.3  13.7  49.0   06:34   WNW
 7   6.8   9.3   23:54   4.1   01:44  11.5   0.0   1.4  10.0  41.8   09:14     W
 8   8.8   9.5   12:15   7.5   22:15   9.5   0.0   0.0   6.1  42.8   00:34     W
 9   8.6  10.7   14:15   7.4   00:55   9.7   0.0   0.0   4.5  30.6   02:45   WNW
10   6.4  10.4   13:54   2.9   04:14  11.9   0.0   0.0   9.2  35.6   11:56   SSE
11   7.1  11.5   13:09   2.4   03:36  11.3   0.0   1.7   5.1  14.8   10:41   SSW
12   7.6   9.8   12:47   3.8   23:47  10.7   0.0   0.3   3.3  23.4   11:57     W
13   5.4   7.7   11:37   3.2   17:47  12.9   0.0   0.0   3.5  13.3   11:27     W
14   3.4   6.4   12:48   1.0   20:08  14.9   0.0   0.0   7.3  19.4   15:08   SSE
15   1.6   2.1   08:58   0.9   01:08  16.7   0.0   0.0   8.0  17.3   15:48    SW
16   0.9   3.9   21:38  -1.0   05:38  17.3   0.0   0.0   8.7  14.8   12:08   SSE
17   2.1   6.4   14:42  -0.4   06:27  16.2   0.0   0.0   6.6  29.5   21:42   SSE
18   3.7   6.8   13:38  -1.2   07:19  14.7   0.0   0.0   8.8  22.0   00:31   SSW
19   6.0   7.1   12:28   5.2   00:08  12.3   0.0   0.0  10.6  12.2   03:38     S
20   6.2   8.5   12:48   4.9   19:39  12.1   0.0   0.0  14.8  24.5   11:38    SE
21   5.4   6.6   12:39   3.9   03:19  12.9   0.0   0.0  14.7  28.1   07:59   SSE
22   6.3   7.8   13:29   4.5   04:39  12.0   0.0   0.0  12.0  29.5   10:59    SW
23   4.4   8.3   13:39   0.7   07:29  13.9   0.0   0.0   6.8  11.2   11:59    SE
24   6.6   8.6   12:43   5.7   23:57  11.7   0.0   1.0   5.4  12.2   04:09    SW
25   7.2   9.4   22:59   5.4   00:48  11.1   0.0   0.0   6.0  27.0   23:19   SSE
26   5.4   8.8   00:09   2.3   18:00  12.9   0.0   0.0   4.3  24.5   00:09    SW
27   6.9   9.6   12:10   4.4   06:10  11.4   0.0   2.7   3.1  11.2   00:00   SSW
28   7.6   8.3   11:11   6.1   23:31  10.7   0.0   0.3   5.5  17.3   11:21     E
29   5.9   7.6   20:01   4.2   23:51  12.4   0.0   3.7   5.7  29.5   22:41   ENE
30   3.5   5.0   11:32   1.2   23:42  14.8   0.0   1.4   6.3  31.7   07:22   WNW
----------------------------------------------------------------------------------
     5.9  11.5    11    -1.2    18   373.0   0.0  23.6   7.7  49.0     6     SSW

Max >=  25.0:  0
Max <=  15.0: 30
Min <=   0.0:  3
Min <= -15.0:  0
Max Rain: 3.7 on day 1
Days of Rain: 13 (>= 0.2 mm)  5 (>= 2.0 mm)  0 (>= 20.0 mm)
Heat Base: 25.0  Cool Base: 5.0  Method: Integration