NOAA-Style Climate Reports


Raport dla 2013
                   Annual Climatological Summary for 2013

Name: Œlesin k. Konina   City: Œlesin   State: Poland
Elevation: 81 ft  Lat: N 52° 21' 26"   Lon: E 018° 18' 35"

                  Temperature (°C), Heat Base: 25.0  Cool Base: 5.0
                          Dep.  Heat  Cool                       Max  Max  Min  Min
        Mean  Mean        From  Deg   Deg                        >=   <=   <=   <=
 YR MO  Max   Min   Mean  Norm  Days  Days  Hi  Date  Low  Date 25.0 15.0  0.0 -15.0
------------------------------------------------------------------------------------
 13  1  -0.6  -5.3  -2.8  -0.8   687     0   8.2   3 -16.1   25    0   31   24    1
 13  2   1.9  -1.9  -0.1   0.9   516     0   7.1   5  -7.9   21    0   28   19    0
 13  3   2.2  -6.3  -2.0  -4.7   699     0  12.6   6 -16.0   24    0   31   30    1
 13  4  13.4   3.3   8.3   0.7   506   142  26.0  26  -7.5    2    2   15    7    0
 13  5  20.8  10.5  15.6   2.3   314   349  27.9   9   6.7   15    9    7    0    0
 13  6  23.9  13.4  18.7   2.0   201   414  32.3  20   7.7   28   13    1    0    0
 13  7  26.4  14.2  20.2   2.2   148   424  35.0  28  10.4    1   21    0    0    0
 13  8  25.9  14.1  19.8   2.4   180   463  35.8   8  10.0   16   18    0    0    0
 13  9  17.6   8.7  13.2  -0.2   356   246  23.8   8   1.6   30    0    8    0    0
 13 10  15.3   5.7  10.5   1.7   452   182  21.5  23  -1.8    3    0   13    3    0
 13 11   7.8   3.0   5.5   1.7   586    44  14.3   3  -1.9   27    0   30    3    0
 13 12   5.3  -0.1   2.8   2.9   690    13  10.4  28  -5.0    8    0   31   15    0
------------------------------------------------------------------------------------
        13.3   5.0   9.1   0.9  5339  2280  35.8 sie -16.1  sty   63  195  101    2

                                Precipitation (mm)

              Dep.   Max        Days of Rain
              From   Obs.           >=
 YR MO Total  Norm   Day Date  0.2  2.0 20.0
---------------------------------------------
 13  1  36.5   6.5   6.1   9    11    7    0
 13  2  17.1  -6.9   7.5   2    13    2    0
 13  3   4.1 -22.9   1.7  12     5    0    0
 13  4  33.4  -2.6  10.5  28    16    6    0
 13  5  74.2  21.2  11.9  27    16   11    0
 13  6  56.1  -3.9  28.2  25    11    7    1
 13  7  95.1  26.1  36.0  13    11    9    2
 13  8  54.0  -3.0  17.5   9     9    7    0
 13  9 111.0  68.0  14.2  11    20   10    0
 13 10  16.2 -22.8   4.2  18     8    4    0
 13 11  43.7   4.7   8.6   3    14    9    0
 13 12  24.4 -13.6   8.0   7    13    5    0
---------------------------------------------
       565.8  50.8  36.0  lip  147   77    3

                                Wind Speed (km/h)
                          Dom
 YR MO   Avg.  Hi   Date  Dir
------------------------------
 13  1   0.0  72.4   31   ---
 13  2   0.0  56.2    1   ---
 13  3   0.0  54.0   18   ---
 13  4   0.0  47.9   23   ---
 13  5   0.0  54.1   30   ---
 13  6   3.8  40.3   21     W
 13  7   7.4  52.6    4   WNW
 13  8   6.5  39.2    7     W
 13  9   7.9  58.7    2   WNW
 13 10   9.0  51.5   28    SW
 13 11  12.0  55.1   24     W
 13 12  14.0  86.8    6     W
------------------------------
         5.1  86.8  gru     W