NOAA-Style Climate Reports


Raport dla 2013 luty
                   Monthly Climatological Summary for lut 2013

Name: Œlesin k. Konina   City: Œlesin   State: Poland
Elevation: 81 ft  Lat: N 52° 21' 26"   Lon: E 018° 18' 35"

                  Temperature (°C), Rain (mm), Wind Speed (km/h)

                                      Heat  Cool        Avg
    Mean                              Deg   Deg         Wind                 Dom
Day Temp  High   Time   Low    Time   Days  Days  Rain  Speed High   Time    Dir
----------------------------------------------------------------------------------
 1   4.3   5.6   15:54   2.7   23:22  14.1   0.0   1.7  20.6  56.2   05:22     W
 2   1.9   2.8   05:00   0.8   16:27  16.5   0.0   7.5  11.4  27.0   05:36   ESE
 3   0.4   1.7   00:00  -1.2   19:32  18.0   0.0   0.3  13.6  34.2   18:57   WNW
 4   1.6   4.1   20:48  -0.5   01:13  16.8   0.0   2.0  16.3  52.6   21:43     W
 5   3.7   7.1   12:51   0.8   23:40  14.7   0.0   0.3  20.9  51.5   19:32     W
 6   0.0   3.3   12:06  -3.2   23:41  18.3   0.0   0.3   7.7  27.0   00:39   WSW
 7  -0.7   2.0   13:12  -3.5   04:35  19.1   0.0   0.3   4.6  14.8   21:19   WSW
 8  -1.6   1.9   12:36  -4.4   22:17  20.0   0.0   0.0   7.9  25.6   12:51     W
 9  -1.9   0.4   15:05  -5.1   01:55  20.1   0.0   0.0   3.9  14.8   11:23     W
10  -0.8   0.9   13:38  -1.7   04:20  19.1   0.0   0.0   3.9  12.2   17:47   ENE
11  -1.7  -0.8   14:43  -3.3   01:48  19.9   0.0   0.0  12.6  29.5   10:48   ESE
12  -1.6   1.1   12:37  -4.3   06:21  19.9   0.0   0.0   9.5  23.4   15:17   ESE
13  -0.8   1.7   13:13  -2.7   06:37  19.1   0.0   1.7   6.4  18.4   00:11     E
14   0.6   3.9   12:07  -1.1   04:36  17.7   0.0   0.3   4.3  13.3   22:48   ENE
15   0.8   1.4   09:57   0.5   01:11  17.5   0.0   0.0  10.5  24.5   11:26    SE
16   0.4   1.5   12:39  -0.8   23:39  17.8   0.0   0.0   8.9  15.8   11:34   ESE
17  -1.8  -0.8   00:00  -3.1   23:49  20.1   0.0   0.0   6.7  15.8   00:04     E
18  -2.3  -1.2   13:25  -3.5   02:29  20.5   0.0   0.0   9.7  24.5   19:37     W
19  -0.3   2.0   13:25  -1.9   00:00  18.5   0.0   1.4  12.7  33.1   04:29   WNW
20  -3.1  -0.4   00:00  -5.4   21:10  21.3   0.0   0.0   7.1  36.7   13:45   NNE
21  -5.5  -2.5   12:18  -7.9   06:45  23.7   0.0   0.0   8.2  24.5   02:15    NE
22  -3.9  -0.5   12:39  -6.1   07:53  22.0   0.0   0.3  14.2  39.2   12:19     E
23  -0.5   1.3   23:47  -3.5   00:56  18.9   0.0   0.3  20.0  40.3   14:31     E
24   1.6   2.8   13:29   1.0   20:42  16.7   0.0   0.7  24.2  45.4   11:05    SE
25   1.5   2.7   11:42   1.0   03:52  16.8   0.0   0.0  17.5  37.8   10:20   ESE
26   1.4   2.5   13:17   0.9   03:31  16.9   0.0   0.0   5.2  14.8   21:13   ENE
27   2.0   4.0   13:42   0.9   07:14  16.4   0.0   0.0   5.1  14.8   04:58     N
28   2.6   4.7   15:09   1.0   02:13  15.8   0.0   0.0  15.0  37.8   12:47   WNW
----------------------------------------------------------------------------------
    -0.1   7.1     5    -7.9    21   516.2   0.0  17.1  11.0  56.2     1      SE

Max >=  25.0:  0
Max <=  15.0: 28
Min <=   0.0: 19
Min <= -15.0:  0
Max Rain: 7.5 on day 2
Days of Rain: 13 (>= 0.2 mm)  2 (>= 2.0 mm)  0 (>= 20.0 mm)
Heat Base: 25.0  Cool Base: 5.0  Method: Integration