NOAA-Style Climate Reports


Raport dla 2013 marzec
                   Monthly Climatological Summary for mar 2013

Name: Œlesin k. Konina   City: Œlesin   State: Poland
Elevation: 81 ft  Lat: N 52° 21' 26"   Lon: E 018° 18' 35"

                  Temperature (°C), Rain (mm), Wind Speed (km/h)

                                      Heat  Cool        Avg
    Mean                              Deg   Deg         Wind                 Dom
Day Temp  High   Time   Low    Time   Days  Days  Rain  Speed High   Time    Dir
----------------------------------------------------------------------------------
 1   2.9   6.6   14:31   0.3   22:17  15.4   0.0   0.0  16.8  40.3   12:52   WNW
 2   2.4   7.2   14:05  -1.5   05:44  15.9   0.0   0.0  15.9  51.5   23:25   WNW
 3   2.8   6.8   15:55  -1.1   23:57  15.6   0.0   0.0  20.1  47.9   00:23   WNW
 4   1.2   7.3   15:01  -3.8   06:27  17.2   0.0   0.0   6.2  19.4   13:58   WSW
 5   2.8  10.8   14:19  -3.0   04:30  15.6   0.0   0.0   8.0  27.0   13:28     S
 6   4.6  12.6   14:46  -2.7   06:06  16.4   0.0   0.0   4.3  13.3   11:50   SSE
 7   3.8   9.3   13:22  -0.4   05:46  14.4   0.0   0.3  15.5  42.8   19:48     E
 8  -1.1   1.3   00:00  -2.4   05:53  19.3   0.0   0.0  25.9  46.4   09:30   ESE
 9  -1.7   0.2   12:30  -2.6   06:29  19.9   0.0   0.0  17.5  29.5   00:17   ESE
10  -2.8  -1.8   00:00  -3.6   22:30  21.0   0.0   0.0  21.5  40.3   14:35   ESE
11  -4.7  -3.4   12:29  -6.2   22:26  22.9   0.0   0.0  12.4  33.1   02:43   ENE
12  -4.5  -1.0   14:11  -6.3   02:48  22.7   0.0   1.7   6.3  14.8   10:57     N
13  -4.8   1.7   11:59 -10.8   23:59  23.2   0.0   0.7   5.9  15.8   06:19    NE
14  -6.9  -1.2   14:09 -14.8   06:31  25.2   0.0   0.0   6.9  22.0   11:47   NNE
15  -4.2   0.3   13:07  -7.4   23:37  22.6   0.0   0.0  12.6  34.2   14:25     N
16  -5.2   1.0   12:48 -11.0   23:57  23.6   0.0   0.0   6.4  17.3   11:31    NW
17  -4.8   0.6   11:24 -13.0   05:54  28.3   0.0   0.0  21.5  41.8   13:48    SE
18  -2.7   0.5   15:36  -6.2   05:51  21.1   0.0   0.0  37.3  54.0   22:17    SE
19  -1.7   0.6   14:15  -3.2   21:59  20.1   0.0   0.0  19.4  52.6   01:47    SE
20  -1.1   2.0   14:55  -6.0   23:57  19.5   0.0   0.7   9.5  25.6   00:20     W
21  -1.9   0.8   14:35  -7.2   00:56  20.2   0.0   0.7   6.8  24.5   13:04   ENE
22  -3.8  -0.6   11:07 -10.0   23:57  23.5   0.0   0.0  10.6  24.5   15:58    NE
23  -9.7  -5.2   15:35 -14.1   05:59  34.8   0.0   0.0   9.4  27.0   14:20    NE
24  -6.7   0.5   13:50 -16.0   04:06  31.8   0.0   0.0   5.3  18.4   16:18    NE
25  -4.7  -0.5   14:17 -10.1   06:22  29.8   0.0   0.0  12.0  34.2   12:12     E
26  -4.2   0.1   14:17  -8.2   03:00  29.3   0.0   0.0  13.1  37.8   11:31     E
27  -3.0   1.7   14:29  -8.9   03:48  28.1   0.0   0.0  14.2  37.8   13:37     E
28  -1.1   1.6   13:02  -4.8   03:05  26.4   0.0   0.0  25.3  47.9   10:17    SE
29   0.2   2.9   16:14  -1.5   07:00  25.2   0.0   0.0  20.1  37.8   04:33   SSE
30   0.7   2.4   11:55  -1.9   22:54  24.6   0.0   0.0  13.8  34.2   00:38     W
31  -0.9   2.2   11:57  -5.4   04:21  26.2   0.0   0.0   7.7  24.5   18:20   NNE
----------------------------------------------------------------------------------
    -2.0  12.6     6   -16.0    24   699.8   0.0   4.1  13.8  54.0    18       E

Max >=  25.0:  0
Max <=  15.0: 31
Min <=   0.0: 30
Min <= -15.0:  1
Max Rain: 1.7 on day 12
Days of Rain: 5 (>= 0.2 mm)  0 (>= 2.0 mm)  0 (>= 20.0 mm)
Heat Base: 25.0  Cool Base: 5.0  Method: Integration