NOAA-Style Climate Reports


Raport dla 2013 sierpień
                   Monthly Climatological Summary for sie 2013

Name: Œlesin k. Konina   City: Œlesin   State: Poland
Elevation: 81 ft  Lat: N 52° 21' 26"   Lon: E 018° 18' 35"

                  Temperature (°C), Rain (mm), Wind Speed (km/h)

                                      Heat  Cool        Avg
    Mean                              Deg   Deg         Wind                 Dom
Day Temp  High   Time   Low    Time   Days  Days  Rain  Speed High   Time    Dir
----------------------------------------------------------------------------------
 1  20.4  26.0   17:06  13.2   04:54   4.6  15.4   0.0   6.5  24.5   14:58     W
 2  24.0  31.2   16:31  16.6   04:08   2.9  18.9   0.0   3.6  15.8   11:36   WNW
 3  24.4  31.6   16:34  16.2   05:01   2.9  19.4   0.0   5.6  23.4   11:39    SE
 4  20.9  25.9   18:07  18.1   04:25   4.1  15.9   3.8   4.2  31.7   09:55   WNW
 5  24.2  31.2   16:15  18.2   00:25   2.6  19.1   0.7   3.2  19.4   16:25   ESE
 6  26.2  33.5   15:33  18.8   05:33   1.9  21.2   0.0   8.3  25.6   14:30   SSE
 7  24.9  30.8   16:11  20.1   23:56   1.9  19.9   1.4   5.7  39.2   04:40     W
 8  26.8  35.8   13:19  19.0   01:38   1.7  21.8   0.0   9.8  35.6   14:43   WSW
 9  20.8  25.0   16:39  17.0   23:58   4.2  15.8  17.5   7.9  29.5   01:31    NW
10  17.4  21.8   18:59  14.9   07:07   7.7  12.5   6.7   8.6  23.4   07:43    NW
11  19.0  25.0   13:42  15.2   05:54   6.0  14.0   2.1   8.7  31.7   15:05     W
12  19.2  25.0   15:18  13.4   05:21   5.8  14.2   0.0   9.4  33.1   14:17   WSW
13  17.0  21.0   16:43  14.7   08:09   8.1  12.1   5.3  11.0  31.7   15:43     W
14  16.3  21.2   17:05  11.9   04:40   8.7  11.3   0.0  15.8  37.8   11:42     W
15  16.3  21.6   12:56  11.4   23:50   8.7  11.4   0.0   7.2  22.0   10:46     W
16  18.2  25.5   16:20  10.0   02:38   6.9  13.3   0.0   4.9  18.4   13:24     S
17  19.8  27.8   17:03  10.7   05:29   5.9  14.8   0.0   6.2  25.6   12:17   SSE
18  22.4  30.7   15:40  12.8   04:44   4.3  17.5   0.0   5.9  28.1   15:03    SW
19  20.9  24.9   11:07  17.6   23:52   4.1  15.9   4.2   4.7  14.8   15:24   WSW
20  17.7  22.2   11:13  14.3   23:57   7.4  12.8  12.3   7.6  27.0   23:33    NW
21  16.3  20.1   16:08  12.8   05:29   8.8  11.3   0.0   6.2  19.4   07:45    NW
22  18.8  23.5   16:13  13.5   00:12   8.0  17.9   0.0   4.8  22.0   15:14   NNW
23  18.0  24.0   14:40  13.0   05:52   7.0  13.0   0.0   3.5  17.3   14:08   NNE
24  17.6  25.2   13:21  11.7   05:20   7.4  12.5   0.0   3.0  23.4   12:51   ESE
25  16.8  23.6   13:08  10.0   04:32   8.2  11.8   0.0   6.1  27.0   13:48   ESE
26  16.7  22.7   13:04  10.1   05:44   8.3  11.7   0.0   8.8  30.6   14:59   ESE
27  18.4  24.8   12:08  12.3   05:12   6.6  13.4   0.0   8.0  36.7   14:08    SE
28  18.2  25.6   13:41  11.6   06:14   6.8  13.2   0.0   2.5  17.3   14:41   ENE
29  17.9  24.6   13:12  10.7   05:55   7.1  12.9   0.0   3.1  14.8   15:46   NNW
30  19.0  25.5   14:20  12.4   05:35   6.0  14.0   0.0   4.7  20.9   14:10   WNW
31  19.5  25.1   13:39  13.7   05:20   5.5  14.5   0.0   7.6  29.5   13:07   WNW
----------------------------------------------------------------------------------
    19.8  35.8     8    10.0    16   180.1 463.4  54.0   6.5  39.2     7       W

Max >=  25.0: 18
Max <=  15.0:  0
Min <=   0.0:  0
Min <= -15.0:  0
Max Rain: 17.5 on day 9
Days of Rain: 9 (>= 0.2 mm)  7 (>= 2.0 mm)  0 (>= 20.0 mm)
Heat Base: 25.0  Cool Base: 5.0  Method: Integration