NOAA-Style Climate Reports


Raport dla 2013 paYdziernik
                   Monthly Climatological Summary for paŸ 2013

Name: Œlesin k. Konina   City: Œlesin   State: Poland
Elevation: 81 ft  Lat: N 52° 21' 26"   Lon: E 018° 18' 35"

                  Temperature (°C), Rain (mm), Wind Speed (km/h)

                                      Heat  Cool        Avg
    Mean                              Deg   Deg         Wind                 Dom
Day Temp  High   Time   Low    Time   Days  Days  Rain  Speed High   Time    Dir
----------------------------------------------------------------------------------
 1   7.7  12.8   13:56   2.4   03:51  17.7   3.1   0.0   4.5  24.5   13:47   ESE
 2   5.5  11.4   14:38   0.7   23:39  19.8   1.6   0.0   4.9  24.5   13:05   ESE
 3   4.1  11.6   12:52  -1.8   06:27  21.1   1.7   0.0   7.2  25.6   11:41    SE
 4   5.4  11.7   14:57  -0.1   07:00  19.6   2.0   0.0  15.1  33.1   11:32    SE
 5   7.3  15.1   14:50   0.6   06:38  17.7   3.4   0.0  10.5  27.0   12:47   SSE
 6   8.8  14.9   12:07   3.3   02:43  16.2   4.1   0.0   4.9  15.8   12:11     W
 7  12.1  15.6   13:20   9.3   19:42  12.9   7.1   0.0   3.5  12.2   01:11     W
 8  11.7  16.0   13:07   6.3   23:35  13.3   6.8   0.0   3.9  17.3   13:07    SE
 9  10.9  16.2   15:03   5.8   06:12  13.9   5.9   0.0   5.2  18.4   15:11   WSW
10  13.1  18.1   13:54   8.7   23:04  11.9   8.2   0.0   5.4  19.4   15:26     S
11  12.8  18.2   13:55   8.6   06:20  12.2   7.9   0.0   7.7  25.6   13:43   ESE
12  11.3  12.5   16:12   9.6   05:33  13.8   6.4   0.0  15.6  36.7   19:55   ESE
13  12.2  14.6   13:52   8.4   23:55  12.9   7.2   0.0  12.2  31.7   00:15   SSE
14   8.4  15.3   14:29   2.9   05:12  16.7   3.7   0.3   2.6  11.2   11:55   SSE
15   9.2  15.5   14:50   2.8   06:55  15.9   4.5   0.0   4.8  23.4   10:16    SE
16   9.1  11.4   16:39   6.8   22:26  16.1   4.1   3.8   2.7  13.3   10:18   NNW
17   8.7  11.5   13:06   4.9   01:52  16.5   3.7   3.8   9.6  29.5   23:42   WSW
18   9.3  12.0   13:30   3.4   23:52  15.8   4.4   4.2  16.6  43.9   03:39   WNW
19   4.3  10.0   13:50  -0.8   07:26  20.9   1.0   0.3   8.3  27.0   13:11   SSE
20  12.1  18.1   15:13   3.5   00:00  13.0   7.3   2.8   9.7  30.6   10:56   WSW
21  13.6  17.2   13:01   9.1   23:58  11.6   8.6   0.7  10.9  37.8   12:20     W
22  12.1  19.7   15:10   5.8   05:32  12.9   7.1   0.0   6.9  24.5   14:43   SSE
23  15.2  21.5   15:26  11.0   01:56   9.8  10.3   0.0   9.7  23.4   12:17     S
24  14.7  18.6   15:47  10.3   23:00  10.3   9.7   0.0   9.4  30.6   10:27     W
25  10.8  16.4   15:09   5.1   05:01  14.2   5.8   0.3   4.8  14.8   14:38   SSE
26  14.5  18.2   12:48  10.4   02:08  10.8   9.7   0.0   8.8  24.5   11:03   WSW
27  16.3  20.2   13:45  13.6   03:56   9.1  11.8   0.0  11.5  46.4   23:16   WSW
28  15.5  20.1   20:20  10.4   06:10   9.5  10.6   0.0  20.2  51.5   20:01   WSW
29  13.7  15.8   00:00   9.3   23:58  11.3   8.7   0.0  18.2  37.8   03:45     W
30   9.1  12.5   14:32   6.4   21:39  16.0   4.1   0.0  14.7  37.8   14:15     W
31   6.3  12.6   13:54   1.4   23:37  18.8   2.0   0.0   8.3  24.5   01:10   WSW
----------------------------------------------------------------------------------
    10.5  21.5    23    -1.8     3   452.2 182.5  16.2   9.0  51.5    28      SW

Max >=  25.0:  0
Max <=  15.0: 13
Min <=   0.0:  3
Min <= -15.0:  0
Max Rain: 4.2 on day 18
Days of Rain: 8 (>= 0.2 mm)  4 (>= 2.0 mm)  0 (>= 20.0 mm)
Heat Base: 25.0  Cool Base: 5.0  Method: Integration