NOAA-Style Climate Reports


Raport dla 2014
                   Annual Climatological Summary for 2014

Name: Œlesin k. Konina   City: Œlesin   State: Poland
Elevation: 81 ft  Lat: N 52° 21' 26"   Lon: E 018° 18' 35"

                  Temperature (°C), Heat Base: 25.0  Cool Base: 5.0
                          Dep.  Heat  Cool                       Max  Max  Min  Min
        Mean  Mean        From  Deg   Deg                        >=   <=   <=   <=
 YR MO  Max   Min   Mean  Norm  Days  Days  Hi  Date  Low  Date 25.0 15.0  0.0 -15.0
------------------------------------------------------------------------------------
 14  1   0.2  -3.8  -1.9   0.1   837     8  10.2   9 -16.9   25    0   31   22    1
 14  2   7.9  -0.5   3.3   4.3   610    16  11.3  21  -3.0   13    0   28   16    0
 14  3  11.9   2.2   6.8   4.1   564    87  22.2  21  -2.9    9    0   22   10    0
 14  4  17.0   5.6  11.1   3.5   415   191  23.8  22  -2.5    2    0   12    2    0
 14  5  19.3   8.5  13.8   0.5   350   276  29.4  23  -0.2    4    7    8    1    0
 14  6  22.1  10.9  16.5  -0.2   261   345  31.4   8   6.4   25    7    1    0    0
 14  7  28.5  15.8  22.0   4.0   125   529  33.7   7  10.2    3   24    0    0    0
 14  8  23.6  13.3  18.2   0.8   216   411  32.9   3   7.4   22    9    0    0    0
 14  9  21.0  10.5  15.6   2.2   284   317  27.0  14   1.2   24    6    2    0    0
 14 10  14.9   6.4  10.4   1.6   453   185  24.2   9  -1.4   25    0   15    4    0
 14 11   7.7   3.4   5.5   1.7   583    59  17.3   5  -5.7   30    0   28    5    0
 14 12   3.6  -0.4   1.8   1.9   708    22  11.9  19  -9.4   28    0   31   14    0
------------------------------------------------------------------------------------
        14.8   6.0  10.3   2.0  5410  2453  33.7 lip -16.9  sty   53  178   74    1

                                Precipitation (mm)

              Dep.   Max        Days of Rain
              From   Obs.           >=
 YR MO Total  Norm   Day Date  0.2  2.0 20.0
---------------------------------------------
 14  1  43.5  13.5   9.0   5    18    8    0
 14  2   6.0 -18.0   3.1  15     6    1    0
 14  3  46.1  19.1  16.2  23    10    6    0
 14  4  32.7  -3.3   6.2  14    10    8    0
 14  5  78.0  25.0  21.1  28    15   11    1
 14  6  24.9 -35.1   7.0   2    12    5    0
 14  7  48.2 -20.8  10.9  17     9    6    0
 14  8  36.0 -21.0  10.2   5    12    7    0
 14  9  37.7  -5.3   7.0   8    11    7    0
 14 10  29.3  -9.7   7.7  17    11    7    0
 14 11  23.8 -15.2   8.1   7    10    4    0
 14 12  21.1 -16.9   7.4  22    12    3    0
---------------------------------------------
       427.3 -87.7  21.1  maj  136   73    1

                                Wind Speed (km/h)
                          Dom
 YR MO   Avg.  Hi   Date  Dir
------------------------------
 14  1  15.1  63.7    9   SSE
 14  2  10.9  52.6   16   SSW
 14  3  11.4  76.0   15     W
 14  4   9.6  50.0    9   ESE
 14  5   9.4  52.6   24     W
 14  6   8.0  47.9   10   WNW
 14  7   7.4  55.1    9   SSE
 14  8   8.4  51.5   18     W
 14  9   7.3  40.3   23   SSE
 14 10   7.0  52.6   20     S
 14 11  12.0  47.9   15    SE
 14 12  16.0  70.9   22   WSW
------------------------------
        10.2  76.0  mar   SSW