NOAA-Style Climate Reports


Raport dla 2014 luty
                   Monthly Climatological Summary for lut 2014

Name: Œlesin k. Konina   City: Œlesin   State: Poland
Elevation: 81 ft  Lat: N 52° 21' 26"   Lon: E 018° 18' 35"

                  Temperature (°C), Rain (mm), Wind Speed (km/h)

                                      Heat  Cool        Avg
    Mean                              Deg   Deg         Wind                 Dom
Day Temp  High   Time   Low    Time   Days  Days  Rain  Speed High   Time    Dir
----------------------------------------------------------------------------------
 1   1.4   4.7   12:33  -0.6   06:13  23.7   0.0   0.0  19.9  31.7   09:29   SSE
 2   2.1   5.0   13:29   0.9   23:53  23.1   0.0   0.0   8.3  20.9   07:35   SSE
 3   1.5   5.0   12:24  -1.7   23:53  23.7   0.0   0.3  11.6  31.7   17:29   SSE
 4   0.4   5.1   13:18  -2.8   05:35  24.8   0.0   0.0  13.3  30.6   02:36   SSE
 5   0.8   6.8   14:18  -2.7   01:27  24.4   0.2   0.0  10.2  31.7   13:45   SSE
 6   2.2   5.9   13:36  -1.5   01:30  22.9   0.1   0.0   9.5  36.7   13:53   WSW
 7   2.5   5.3   14:22  -1.0   02:23  22.6   0.0   0.0  11.3  28.1   19:13     S
 8   4.2   9.0   13:22   0.9   20:49  21.2   0.8   0.0  11.2  27.0   01:01    SW
 9   4.3   9.0   13:20   0.4   07:12  20.9   0.8   0.0   8.0  35.6   12:28    SW
10   3.3   7.6   14:07   0.9   18:33  21.7   0.4   0.0   8.0  31.7   23:19     S
11   4.9   7.5   11:56   2.0   23:56  20.2   0.5   0.0  16.3  40.3   12:12    SW
12   1.2   5.0   13:27  -2.2   22:59  23.8   0.0   0.0   3.9  15.8   00:28   SSW
13   1.2   7.2   14:15  -3.0   06:14  23.8   0.2   0.0   9.0  27.0   10:37     S
14   2.7   5.2   10:07  -1.4   23:45  22.3   0.0   0.0  12.6  45.4   10:26     W
15   2.9   6.5   15:02  -1.6   00:42  22.1   0.3   3.1  10.5  31.7   11:51     S
16   5.8   9.1   14:41   3.0   22:08  19.2   1.1   1.7  16.0  52.6   18:37     W
17   3.7   7.9   15:00   1.5   06:20  21.3   0.4   0.3  15.2  31.7   12:55     W
18   3.9  10.4   14:08  -0.6   07:04  21.1   0.9   0.0   5.8  20.9   14:11   WSW
19   3.7   6.6   15:22   0.1   02:21  21.3   0.3   0.0  10.6  29.5   12:26     W
20   5.1   9.4   15:24   0.1   23:57  19.9   1.0   0.0  10.8  25.6   12:20     W
21   5.4  11.3   14:28  -1.0   03:13  19.6   2.3   0.3   9.5  33.1   11:08   SSW
22   5.1   9.2   14:33  -0.4   23:58  19.9   1.1   0.0   6.9  20.9   12:28     W
23   2.9  10.2   14:49  -1.8   07:04  22.1   1.1   0.0   3.9  19.4   12:46   WSW
24   3.0   9.7   12:58  -1.9   05:47  22.0   0.8   0.3  13.5  41.8   16:25    SE
25   4.3   9.5   13:25   0.8   06:44  20.7   0.8   0.0  19.9  39.2   15:57    SE
26   3.5  10.2   14:31  -1.0   06:48  21.5   0.9   0.0  12.2  24.5   14:07   SSE
27   5.5  10.9   14:22   0.9   04:52  19.5   1.6   0.0  10.1  25.6   10:50    SE
28   4.3  10.9   14:46   0.2   05:50  20.7   1.2   0.0   8.3  23.4   11:47   SSE
----------------------------------------------------------------------------------
     3.3  11.3    21    -3.0    13   610.0  16.8   6.0  10.9  52.6    16     SSW

Max >=  25.0:  0
Max <=  15.0: 28
Min <=   0.0: 16
Min <= -15.0:  0
Max Rain: 3.1 on day 15
Days of Rain: 6 (>= 0.2 mm)  1 (>= 2.0 mm)  0 (>= 20.0 mm)
Heat Base: 25.0  Cool Base: 5.0  Method: Integration