NOAA-Style Climate Reports


Raport dla 2014 marzec
                   Monthly Climatological Summary for mar 2014

Name: Œlesin k. Konina   City: Œlesin   State: Poland
Elevation: 81 ft  Lat: N 52° 21' 26"   Lon: E 018° 18' 35"

                  Temperature (°C), Rain (mm), Wind Speed (km/h)

                                      Heat  Cool        Avg
    Mean                              Deg   Deg         Wind                 Dom
Day Temp  High   Time   Low    Time   Days  Days  Rain  Speed High   Time    Dir
----------------------------------------------------------------------------------
 1   4.5  11.2   15:08   1.2   00:00  20.5   1.2   0.3   8.6  24.5   14:22    SE
 2   2.9   7.9   13:26  -1.0   06:19  22.1   0.4   0.0  16.4  34.2   19:22    SE
 3   4.8   8.8   13:29   0.6   04:19  20.2   0.8   0.0  24.3  46.4   14:09    SE
 4   4.0   6.0   15:55   2.4   04:58  21.0   0.1   0.0  20.6  39.2   12:07    SE
 5   5.4  10.2   14:33   2.4   00:08  19.6   1.3   0.3   7.6  20.9   00:11    SE
 6   4.7   7.4   14:32   0.8   02:32  20.3   0.5   0.0   3.7  11.2   07:09   NNE
 7   4.2   8.6   13:08  -1.7   23:35  20.8   0.7   0.0   4.4  20.9   15:29   SSE
 8   3.3  10.3   15:31  -2.2   01:29  21.7   1.3   0.0   3.9  18.4   10:27    NW
 9   4.1  12.9   14:35  -2.9   05:22  20.9   2.1   0.0   4.3  14.8   11:11     S
10   6.2  15.3   13:37  -0.6   04:55  18.7   3.2   0.0   7.2  24.5   09:53   SSE
11   5.7  13.7   14:07  -2.0   06:10  19.3   2.8   0.0   7.4  27.0   16:44    NE
12   4.5  11.8   15:05  -1.8   06:10  20.5   1.9   0.0   4.1  19.4   13:55   NNE
13   6.4  15.2   15:09  -1.4   03:02  18.6   3.3   0.0   5.5  24.5   11:09     W
14   8.0  14.9   15:24   2.0   04:36  17.0   3.7   0.0   9.5  29.5   15:59     W
15   6.7   8.8   04:49   4.6   21:06  18.3   1.7   2.4  29.2  76.0   13:27   WNW
16   5.1   6.7   09:43   3.4   03:15  19.9   0.5  13.5  17.3  46.4   01:49   WNW
17   8.7  11.5   15:10   6.3   00:00  16.3   3.7   1.7  25.7  66.2   03:54   WNW
18   9.1  11.3   15:37   6.9   06:07  15.9   4.1   0.7  20.9  40.3   15:23   WNW
19   8.2   9.6   14:10   6.1   07:13  16.8   3.2   6.2  17.1  43.9   23:59   WNW
20  11.1  16.5   15:26   7.3   05:23  13.9   6.1   0.0  21.0  55.1   09:09     W
21  15.4  22.2   13:55   9.1   05:30   9.6  10.4   0.0  18.3  36.7   14:22   WSW
22  12.3  18.6   15:41   7.4   06:24  12.7   7.3   0.0   8.1  45.4   20:54     S
23   8.8  11.5   11:21   5.5   23:41  16.2   3.8  16.2   7.0  29.5   22:30   NNW
24   4.0   5.5   00:00   2.9   22:17  21.0   0.0   2.4  15.6  41.8   01:28   NNE
25   3.7   6.4   15:46   1.5   23:46  21.4   0.1   2.4  12.4  30.6   11:11    NW
26   4.4  10.4   14:42  -1.0   03:45  20.7   1.5   0.0   4.5  19.4   14:13    NE
27   6.6  11.3   13:39   1.2   05:06  18.6   2.5   0.0   6.4  18.4   14:41   ENE
28  10.1  15.7   15:25   7.1   05:58  14.9   5.2   0.0   7.9  18.4   04:28   ENE
29   9.3  16.6   15:18   2.8   05:29  15.7   4.6   0.0   5.9  18.4   13:36    SE
30   8.9  16.9   16:12  -0.1   06:35  15.5   4.8   0.0   3.2  13.3   13:48     N
31   9.4  16.7   15:32   2.0   06:15  15.6   5.1   0.0   6.5  25.6   13:23   NNW
----------------------------------------------------------------------------------
     6.8  22.2    21    -2.9     9   564.2  87.9  46.1  11.4  76.0    15     WNW

Max >=  25.0:  0
Max <=  15.0: 22
Min <=   0.0: 10
Min <= -15.0:  0
Max Rain: 16.2 on day 23
Days of Rain: 10 (>= 0.2 mm)  6 (>= 2.0 mm)  0 (>= 20.0 mm)
Heat Base: 25.0  Cool Base: 5.0  Method: Integration