NOAA-Style Climate Reports


Raport dla 2014 lipiec
                   Monthly Climatological Summary for lip 2014

Name: Œlesin k. Konina   City: Œlesin   State: Poland
Elevation: 81 ft  Lat: N 52° 21' 26"   Lon: E 018° 18' 35"

                  Temperature (°C), Rain (mm), Wind Speed (km/h)

                                      Heat  Cool        Avg
    Mean                              Deg   Deg         Wind                 Dom
Day Temp  High   Time   Low    Time   Days  Days  Rain  Speed High   Time    Dir
----------------------------------------------------------------------------------
 1  16.6  21.1   13:09  12.2   02:58   8.4  11.6   0.0   9.8  33.1   12:15   WNW
 2  17.5  23.1   15:16  10.8   05:21   7.5  12.5   0.0   8.5  42.8   14:58     W
 3  17.7  24.6   19:23  10.2   03:57   7.3  12.7   0.0   7.9  29.5   12:57   WNW
 4  21.5  30.4   14:54  10.2   04:17   5.2  16.5   0.0   6.5  25.6   14:55   SSW
 5  22.5  29.3   15:12  14.6   04:16   3.5  17.5   0.0  10.4  30.6   14:18     S
 6  23.8  30.6   13:33  18.2   05:30   2.5  18.8   0.0   7.4  22.0   14:16    SW
 7  25.1  33.7   16:34  15.8   05:02   2.9  20.3   0.0   5.4  25.6   18:53     S
 8  24.6  33.3   13:59  18.8   05:57   2.2  19.8   1.8  11.4  45.4   17:07    SE
 9  23.4  30.6   13:30  17.5   23:05   2.8  18.7   5.6  15.5  55.1   11:59    SE
10  20.2  25.5   12:22  16.4   04:18   4.9  15.3   7.4   8.0  31.7   11:17   ESE
11  20.7  25.4   14:13  15.2   23:56   4.3  15.7   0.0   5.4  22.0   15:21     E
12  16.6  21.5   19:40  14.1   02:23   8.5  11.7   0.0   5.9  23.4   17:21     N
13  18.5  25.8   19:31  12.8   02:55   6.5  13.6   0.0   9.3  27.0   09:06     W
14  22.0  27.9   16:55  16.6   05:38   3.5  17.1   0.0   8.4  29.5   12:51   WSW
15  22.5  28.7   12:43  15.7   03:43   3.3  17.5   0.0   4.9  23.4   15:32   WNW
16  23.2  29.4   19:33  16.2   05:16   2.9  18.3   0.0   5.4  20.9   14:56   NNW
17  23.2  30.3   14:42  15.9   05:30   3.3  18.2  10.9   4.0  24.5   20:25     N
18  23.5  30.2   12:57  16.4   04:23   3.0  18.6   0.0   2.6  19.4   11:21   ESE
19  24.4  31.5   16:06  15.9   05:06   2.8  19.6   0.0   5.1  18.4   10:46    SE
20  24.6  33.3   14:36  17.6   05:14   2.4  19.7   0.0  10.5  31.7   15:59    SE
21  23.5  30.4   15:59  16.7   04:36   3.0  18.6   0.0   9.3  30.6   10:52   ESE
22  23.6  30.1   15:28  15.8   05:08   2.9  18.7   0.0   8.5  41.8   15:11   ESE
23  20.6  28.3   11:34  15.9   23:20   4.6  15.6   8.1   4.8  24.5   18:16   ENE
24  18.7  23.6   15:22  15.8   05:03   6.3  13.8   6.6   3.7  24.5   15:41     E
25  19.4  23.9   19:22  16.8   04:38   5.6  14.4   5.6   5.2  22.0   11:40   ESE
26  22.3  29.8   16:49  16.0   03:38   3.7  17.3   0.4   7.7  31.7   13:48    SE
27  25.1  31.5   16:30  16.8   05:28   2.3  20.2   0.0   7.2  28.1   11:58   SSE
28  25.9  32.6   15:39  19.2   04:54   1.6  20.9   0.0   8.6  24.5   10:54    SE
29  25.3  31.0   19:19  18.7   05:04   1.9  20.3   0.0   8.1  22.0   10:49   SSE
30  24.7  31.3   16:34  17.2   05:19   2.1  19.7   1.8   6.4  14.8   16:34     S
31  21.5  24.5   14:19  19.6   05:34   3.5  16.5   0.0   6.9  19.4   15:19    NW
----------------------------------------------------------------------------------
    22.0  33.7     7    10.2     3   125.2 529.7  48.2   7.4  55.1     9     SSE

Max >=  25.0: 24
Max <=  15.0:  0
Min <=   0.0:  0
Min <= -15.0:  0
Max Rain: 10.9 on day 17
Days of Rain: 9 (>= 0.2 mm)  6 (>= 2.0 mm)  0 (>= 20.0 mm)
Heat Base: 25.0  Cool Base: 5.0  Method: Integration