NOAA-Style Climate Reports


Raport dla 2014 wrzesień
                   Monthly Climatological Summary for wrz 2014

Name: Œlesin k. Konina   City: Œlesin   State: Poland
Elevation: 81 ft  Lat: N 52° 21' 26"   Lon: E 018° 18' 35"

                  Temperature (°C), Rain (mm), Wind Speed (km/h)

                                      Heat  Cool        Avg
    Mean                              Deg   Deg         Wind                 Dom
Day Temp  High   Time   Low    Time   Days  Days  Rain  Speed High   Time    Dir
----------------------------------------------------------------------------------
 1  15.4  16.4   17:24  14.2   11:30   9.6  10.4   0.0   4.0  17.3   06:49   ESE
 2  14.2  16.8   17:36  12.1   06:50  10.8   9.2   5.6   2.9  11.2   21:51     E
 3  16.5  22.5   14:51  10.8   06:06   8.5  11.5   0.0   6.4  33.1   12:39   ESE
 4  16.9  23.8   15:38  10.8   05:20   8.1  11.9   0.0   9.6  31.7   16:05   ESE
 5  16.8  23.7   15:26   9.7   06:16   8.2  11.8   0.0  11.7  34.2   12:08    SE
 6  17.0  25.2   15:06   7.8   06:05   8.0  12.0   0.0   5.7  23.4   14:36    SE
 7  18.2  26.0   15:00  10.1   06:23   6.9  13.2   0.0   2.9  15.8   12:44   SSW
 8  18.1  23.9   16:13  13.3   02:25   6.9  13.1   7.0   3.2  20.9   02:54    SW
 9  17.4  22.0   12:20  13.3   22:58   7.6  12.4   0.0   6.0  27.0   15:20   WNW
10  14.7  17.9   15:09  11.7   23:52  10.2   9.7   0.0   6.9  20.9   13:39     W
11  15.0  21.6   13:50  10.0   01:56  10.0  10.0   3.9   4.3  23.4   13:23   ESE
12  19.5  25.1   14:56  15.6   00:08   5.5  14.7   0.4   6.9  23.4   12:49   ESE
13  19.1  26.8   15:05  12.8   05:15   6.1  14.2   0.0   4.0  24.5   13:44   ESE
14  20.4  27.0   14:20  14.9   03:44   4.9  15.4   0.0   9.8  33.1   14:33   ESE
15  18.8  25.5   15:11  13.0   06:15   6.3  13.8   0.0  11.1  30.6   14:31   ESE
16  16.7  23.5   14:41  10.6   06:32   8.3  11.7   0.0   9.2  29.5   12:37   ESE
17  15.6  22.2   15:20   9.6   06:14   9.4  10.6   0.0  11.9  36.7   14:37    SE
18  15.8  23.3   15:04   7.3   06:22   9.2  10.8   0.0   8.4  25.6   11:05    SE
19  16.3  22.3   13:33  11.8   04:26   8.7  11.3   6.7   6.3  22.0   10:57   SSE
20  17.1  23.3   15:21  12.6   06:48   7.9  12.1   0.0   3.7  14.8   03:24    SE
21  16.1  20.9   15:33  12.3   02:32   8.9  11.1   0.0   5.5  23.4   16:24     W
22  13.2  15.9   14:20   9.5   23:37  11.8   8.2   3.2  12.9  35.6   13:04   WNW
23  10.2  13.1   11:52   6.0   23:46  14.8   5.2   2.5  15.2  40.3   10:25   NNW
24   8.9  15.0   14:48   1.2   06:21  16.1   4.4   0.0   5.8  18.4   14:56   SSW
25  11.7  15.9   15:54   8.6   02:29  13.3   6.7   1.4  13.2  37.8   17:03     W
26  12.3  15.5   15:31   9.4   04:06  12.7   7.3   0.7   8.5  24.5   00:29     W
27  14.2  17.8   16:22  10.4   23:49  10.8   9.2   0.7  10.5  28.1   11:14    NW
28  12.6  18.8   15:30   7.4   06:25  12.4   7.6   0.0   5.6  20.9   16:40   WSW
29  13.7  21.5   16:11   7.3   05:06  11.3   8.7   0.0   4.5  22.0   14:14   WSW
30  14.1  16.8   16:32  10.5   02:35  10.9   9.1   5.6   0.7   7.2   11:11     W
----------------------------------------------------------------------------------
    15.6  27.0    14     1.2    24   284.1 317.3  37.7   7.3  40.3    23     SSE

Max >=  25.0:  6
Max <=  15.0:  2
Min <=   0.0:  0
Min <= -15.0:  0
Max Rain: 7.0 on day 8
Days of Rain: 11 (>= 0.2 mm)  7 (>= 2.0 mm)  0 (>= 20.0 mm)
Heat Base: 25.0  Cool Base: 5.0  Method: Integration