NOAA-Style Climate Reports


Raport dla 2014 grudzień
                   Monthly Climatological Summary for gru 2014

Name: Œlesin k. Konina   City: Œlesin   State: Poland
Elevation: 81 ft  Lat: N 52° 21' 26"   Lon: E 018° 18' 35"

                  Temperature (°C), Rain (mm), Wind Speed (km/h)

                                      Heat  Cool        Avg
    Mean                              Deg   Deg         Wind                 Dom
Day Temp  High   Time   Low    Time   Days  Days  Rain  Speed High   Time    Dir
----------------------------------------------------------------------------------
 1  -3.7  -2.6   12:50  -5.4   02:32  28.7   0.0   0.0  30.9  46.4   02:43    SE
 2  -3.5  -1.8   14:16  -5.6   18:46  28.5   0.0   0.0  20.8  46.4   02:44    SE
 3  -0.5   0.9   13:12  -2.0   00:00  25.5   0.0   0.0   7.4  18.4   06:57   ESE
 4   0.3   2.5   13:41  -1.3   23:44  24.7   0.0   0.0  12.1  23.4   20:25   ESE
 5  -0.9   0.3   23:22  -2.4   04:11  25.9   0.0   0.0  14.9  31.7   05:39   SSE
 6   1.7   3.1   13:20   0.3   00:00  23.3   0.0   0.0   2.2   7.2   00:09     S
 7   2.2   2.9   11:47   1.6   19:24  22.8   0.0   0.0   4.9  14.8   13:08   WSW
 8   2.4   4.1   12:53  -0.1   23:40  22.6   0.0   0.0  11.2  30.6   13:13   WSW
 9  -0.2   2.4   14:19  -2.5   22:38  25.2   0.0   0.0   4.4  13.3   02:10   WSW
10  -0.7   1.4   19:22  -4.0   02:08  25.7   0.0   0.0  11.3  31.7   14:16    SW
11   2.4   4.9   23:34   0.6   06:57  22.6   0.0   0.4  13.5  35.6   23:18   WSW
12   5.1   8.6   23:17   2.4   06:37  19.9   0.9   0.4  21.0  45.4   02:29   WSW
13   6.6   9.8   03:19   4.1   23:18  18.4   1.6   0.0  19.7  52.6   03:25     W
14   4.0   5.0   11:45   3.2   23:11  21.0   0.0   1.1   4.0  18.4   00:37   WSW
15   5.3   8.6   14:07   2.3   05:11  19.7   1.0   0.0   9.1  29.5   18:41   WSW
16   5.2   6.4   00:00   3.9   23:53  19.8   0.3   1.1   8.6  28.1   21:24   WSW
17   2.7   4.2   13:22   1.4   07:03  22.7   0.0   0.0  15.2  36.7   08:13     W
18   6.1   8.7   21:19   2.6   00:00  18.9   1.6   1.4  15.5  33.1   11:06     W
19  10.2  11.9   13:54   6.5   23:56  14.8   5.2   1.8  27.4  54.0   15:09   WNW
20   5.2   6.5   00:00   2.3   23:55  19.8   0.6   1.1  32.0  68.4   17:44     W
21   4.4   5.6   13:44   2.3   00:00  20.8   0.1   0.4  23.9  58.7   00:54     W
22   7.6   9.8   22:48   4.7   01:07  17.4   2.6   7.4  37.0  70.9   16:09   WNW
23  10.0  10.6   17:26   9.2   23:16  15.2   5.0   0.7  37.3  58.7   03:46   WNW
24   8.3   9.9   00:37   5.4   23:52  16.7   3.3   2.5  32.2  61.2   15:38     W
25   4.2   5.4   00:00   0.6   23:57  20.8   0.0   2.8  22.9  43.9   19:54     W
26  -4.2  -2.4   13:03  -6.4   23:23  16.1   0.0   0.0   4.2  19.4   00:12     E
27  -6.5  -4.2   11:45  -8.7   23:01  31.5   0.0   0.0   9.8  27.0   19:45     E
28  -7.4  -4.8   23:01  -9.4   09:09  32.4   0.0   0.0   8.2  18.4   00:15   NNW
29  -5.5  -3.9   13:59  -6.9   05:01  30.5   0.0   0.0   7.0  15.8   21:50    NW
30  -5.5  -3.7   23:42  -7.2   04:47  30.5   0.0   0.0   7.1  18.4   12:51    SW
31  -0.9   1.8   23:11  -3.7   00:00  25.9   0.0   0.0  15.2  29.5   06:42   WSW
----------------------------------------------------------------------------------
     1.8  11.9    19    -9.4    28   708.3  22.2  21.1  16.0  70.9    22       W

Max >=  25.0:  0
Max <=  15.0: 31
Min <=   0.0: 14
Min <= -15.0:  0
Max Rain: 7.4 on day 22
Days of Rain: 12 (>= 0.2 mm)  3 (>= 2.0 mm)  0 (>= 20.0 mm)
Heat Base: 25.0  Cool Base: 5.0  Method: Integration