NOAA-Style Climate Reports


Raport dla 2015 styczeń
                   Monthly Climatological Summary for sty 2015

Name: Œlesin k. Konina   City: Œlesin   State: Poland
Elevation: 81 ft  Lat: N 52° 21' 26"   Lon: E 018° 18' 35"

                  Temperature (°C), Rain (mm), Wind Speed (km/h)

                                      Heat  Cool        Avg
    Mean                              Deg   Deg         Wind                 Dom
Day Temp  High   Time   Low    Time   Days  Days  Rain  Speed High   Time    Dir
----------------------------------------------------------------------------------
 1   2.3   3.3   12:09   1.2   20:22  22.7   0.0   0.0  15.8  31.7   21:40     W
 2   4.0   5.6   08:48   1.9   03:35  21.0   0.0   2.1  29.8  61.2   16:12     W
 3   3.5   4.6   02:35   1.5   21:30  21.3   0.0   0.4  35.2  72.4   00:11   WNW
 4   2.0   3.0   12:46   1.0   23:30  23.0   0.0   0.0  21.3  43.9   13:51    NW
 5   0.6   2.6   13:41  -1.3   23:11  24.3   0.0   0.0  12.4  29.5   02:19    NW
 6  -4.1  -0.9   01:12  -7.3   23:46  29.1   0.0   0.0   8.4  23.4   23:07   ESE
 7  -3.6   0.8   23:45  -7.4   00:34  28.6   0.0   0.0  14.8  30.6   07:00     S
 8   1.4   3.8   23:57   0.3   07:51  23.6   0.0   1.8  13.6  41.8   23:56    SW
 9   4.3   6.1   16:05   3.3   02:58  20.7   0.1   3.2  30.1  62.3   16:24   WNW
10   6.8  11.6   15:40   4.3   05:16  18.2   1.9   1.1  27.3  76.0   19:37   WNW
11   3.7   5.8   00:00   2.6   23:17  21.3   0.0   0.0  38.3  68.4   11:58   WNW
12   4.3   5.7   23:57   2.5   07:55  20.7   0.1   0.7  27.5  50.0   00:53     W
13   7.8  10.4   14:26   5.7   00:00  17.2   2.8   0.0  21.6  43.9   00:27   WSW
14   6.8  10.1   00:10   1.0   23:58  18.2   2.3   0.0  15.8  55.1   14:09     W
15   3.3   5.2   23:41   1.0   00:00  21.7   0.0   0.0  13.6  29.5   13:26    SW
16   6.2  10.4   14:07   2.0   23:32  18.8   1.4   0.0  11.0  28.1   04:37    SW
17   2.5   4.3   12:15   0.3   05:26  22.5   0.0   0.4   6.4  27.0   08:35     W
18   1.0   3.8   13:18  -1.8   21:46  24.0   0.0   0.0   2.1  12.2   23:35    SW
19  -0.5   0.4   23:06  -2.4   04:09  25.5   0.0   0.0   9.9  29.5   22:40    SE
20   1.2   2.1   14:20   0.4   00:00  23.8   0.0   0.4  15.1  28.1   01:01    SE
21   1.4   2.5   11:09  -1.9   23:56  23.6   0.0   0.4   4.8  18.4   13:03    SW
22   0.1   1.3   18:49  -2.6   03:12  24.9   0.0   0.0   6.4  20.9   17:24     E
23   0.0   1.0   15:36  -1.8   23:57  25.0   0.0   0.0   9.3  25.6   11:22   NNE
24  -1.1   0.6   12:13  -2.5   02:06  26.1   0.0   0.0   4.7  18.4   22:45   NNE
25  -0.6   0.9   19:16  -2.0   01:31  25.6   0.0   0.0   7.6  19.4   00:29    NW
26   0.4   1.5   12:41  -2.7   23:45  24.6   0.0   0.0   8.5  20.9   12:49    SW
27   0.3   2.0   14:29  -3.0   00:35  24.7   0.0   1.4  12.5  29.5   21:32   WSW
28   1.7   2.7   14:57   0.6   07:25  23.3   0.0   0.4  14.8  31.7   18:48   WSW
29   1.6   4.2   13:56  -0.5   23:51  23.4   0.0   0.7  16.1  40.3   03:09    SW
30   0.8   2.5   13:30  -1.3   03:32  24.3   0.0   1.1  15.2  36.7   10:07   SSE
31   0.6   2.1   12:54  -1.0   07:22  24.4   0.0   0.4  17.3  40.3   12:45     W
----------------------------------------------------------------------------------
     1.9  11.6    10    -7.4     7   716.1   8.6  14.5  15.7  76.0    10       W

Max >=  25.0:  0
Max <=  15.0: 31
Min <=   0.0: 15
Min <= -15.0:  0
Max Rain: 3.2 on day 9
Days of Rain: 14 (>= 0.2 mm)  2 (>= 2.0 mm)  0 (>= 20.0 mm)
Heat Base: 25.0  Cool Base: 5.0  Method: Integration