NOAA-Style Climate Reports


Raport dla 2015 marzec
                   Monthly Climatological Summary for mar 2015

Name: Œlesin k. Konina   City: Œlesin   State: Poland
Elevation: 81 ft  Lat: N 52° 21' 26"   Lon: E 018° 18' 35"

                  Temperature (°C), Rain (mm), Wind Speed (km/h)

                                      Heat  Cool        Avg
    Mean                              Deg   Deg         Wind                 Dom
Day Temp  High   Time   Low    Time   Days  Days  Rain  Speed High   Time    Dir
----------------------------------------------------------------------------------
 1   4.2   9.7   13:46  -1.8   05:37  20.8   1.2   0.0  11.1  30.6   19:10   SSW
 2   4.4   8.4   09:56   2.3   21:31  20.6   0.5   3.8  17.9  60.1   14:57     W
 3   2.8   5.9   14:59   1.0   07:07  22.2   0.1   0.4  18.8  40.3   09:43     W
 4   3.3   5.6   15:15   1.7   22:33  21.7   0.0   0.4  17.8  46.4   08:59     W
 5   2.5   5.6   15:23  -0.3   23:59  22.5   0.0   0.0   9.7  27.0   13:04   WNW
 6   2.2   6.3   13:11  -3.1   06:15  22.8   0.1   0.0   9.6  27.0   16:29     W
 7   6.4  10.0   14:18   3.6   03:12  18.6   1.7   0.0  12.9  31.7   15:43     W
 8   9.4  15.0   12:49   5.4   06:36  15.6   4.4   0.0  10.9  28.1   11:24    SW
 9   8.1  12.3   14:37   1.8   23:59  16.9   3.2   0.0   7.7  22.0   00:36     W
10   6.0  14.0   14:12  -1.6   05:39  19.0   2.8   0.0   2.8  15.8   13:57     W
11   5.1   7.7   00:08   3.2   23:48  19.9   0.4   1.3   9.0  25.6   10:50   NNW
12   4.6   6.6   11:51   2.8   00:34  20.4   0.5   0.0  11.6  30.6   12:59   NNE
13   3.3   4.0   10:31   2.0   22:59  21.7   0.0   0.4   9.7  20.9   05:58   ENE
14   4.1   5.8   11:27   2.1   00:00  20.9   0.1   1.7  13.1  31.7   13:48     E
15   6.0  10.1   14:19   3.8   00:00  19.0   1.4   0.4  19.0  35.6   08:46    SE
16   7.4  11.8   14:26   4.1   04:10  17.6   2.5   0.0  30.8  52.6   14:17    SE
17   7.8  14.3   14:25   2.9   05:52  17.2   3.1   0.0  28.1  45.4   15:35    SE
18   5.3  11.6   14:06  -0.5   05:05  19.8   2.0   0.0  14.8  46.4   10:51    SE
19   3.1  10.5   14:11  -4.0   05:48  21.9   1.6   0.0   4.2  23.4   11:34    SE
20   4.3  11.8   15:06  -3.5   05:51  20.8   1.9   0.0   5.6  23.4   14:12     W
21   6.7  12.9   14:48   1.1   23:57  18.2   2.6   0.0  11.7  41.8   21:03    NW
22   0.1   3.4   15:11  -3.8   23:52  24.8   0.0   0.0  10.9  33.1   01:51   ENE
23   2.5  10.0   14:31  -4.8   03:02  22.6   1.2   0.0   6.5  22.0   10:07   SSW
24   3.9  13.2   16:59  -2.6   03:52  16.8   1.4   0.0   3.1  18.4   09:20    SW
25   9.0  17.0   14:58  -0.2   05:34  16.0   5.3   0.0  10.7  33.1   12:42    SE
26  10.4  14.1   14:33   7.3   05:51  14.6   5.4   1.7   8.0  23.4   14:14     S
27   7.2   8.9   15:07   4.9   22:18  17.8   2.2   2.9   6.5  28.1   10:33    NW
28   5.5   8.9   14:43   0.6   23:47  19.5   1.1   0.0   7.0  22.0   08:59    NW
29   5.7  10.3   16:35  -1.0   03:08  18.5   2.2   4.2  10.3  31.7   12:53   SSW
30   7.3  10.1   13:08   4.9   21:33  17.7   2.3   5.9  30.1  63.7   06:10     W
31   4.9   8.3   16:08   1.8   13:33  20.1   0.6   8.8  25.8  69.8   21:17     W
----------------------------------------------------------------------------------
     5.3  17.0    25    -4.8    23   606.5  51.8  31.9  12.9  69.8    31      SW

Max >=  25.0:  0
Max <=  15.0: 30
Min <=   0.0: 12
Min <= -15.0:  0
Max Rain: 8.8 on day 31
Days of Rain: 12 (>= 0.2 mm)  5 (>= 2.0 mm)  0 (>= 20.0 mm)
Heat Base: 25.0  Cool Base: 5.0  Method: Integration