NOAA-Style Climate Reports


Raport dla 2015 czerwiec
                   Monthly Climatological Summary for cze 2015

Name: Œlesin k. Konina   City: Œlesin   State: Poland
Elevation: 81 ft  Lat: N 52° 21' 26"   Lon: E 018° 18' 35"

                  Temperature (°C), Rain (mm), Wind Speed (km/h)

                                      Heat  Cool        Avg
    Mean                              Deg   Deg         Wind                 Dom
Day Temp  High   Time   Low    Time   Days  Days  Rain  Speed High   Time    Dir
----------------------------------------------------------------------------------
 1  18.4  25.5   13:38   9.2   03:15   6.6  13.4   0.0   9.0  30.6   13:50   WSW
 2  19.0  25.7   19:18  11.7   05:39   6.0  14.0   1.3  10.8  39.2   14:25     W
 3  22.7  28.9   15:52  16.2   23:56   3.1  17.7   0.0  15.4  45.4   14:33   WNW
 4  17.0  23.8   19:26  10.6   04:53   8.0  12.0   0.0   8.1  25.6   14:37   NNW
 5  19.1  26.9   19:20   8.7   05:18   6.2  14.1   0.0   7.0  22.0   19:11   SSE
 6  22.9  31.9   19:26  11.8   05:10   4.2  17.9   0.0   8.6  25.6   09:20     S
 7  16.3  20.7   10:27  11.7   14:34   8.7  11.3   1.7   7.0  24.5   05:44   NNW
 8  17.5  22.8   13:29  12.9   03:58   7.5  12.5   0.4   4.6  23.4   21:27   ENE
 9  11.2  13.3   00:00   9.8   04:38  13.8   6.2   7.6   2.6  12.2   17:07   ENE
10  15.5  21.4   15:41   9.5   03:20   9.5  10.5   0.0   4.1  20.9   14:42     N
11  17.1  24.4   19:31   9.2   05:14   7.9  12.1   0.0   4.6  18.4   12:43    NW
12  18.9  27.9   11:44   9.5   04:31   6.6  14.1   4.6   6.0  25.6   17:16   SSE
13  20.9  28.1   17:56  14.2   05:27   4.6  15.6   0.0   3.2  23.4   22:23     W
14  21.8  26.6   16:21  17.4   23:59   3.5  16.8   0.0  13.5  34.2   14:07   WNW
15  17.1  21.5   15:24  12.0   23:56   7.9  12.1   0.0  11.6  28.1   16:42   NNW
16  13.6  18.1   14:11   7.9   03:33  11.4   8.6   0.0   7.2  20.9   16:19   NNW
17  16.1  21.4   16:48  10.8   05:27   8.9  11.1   0.0   8.5  24.5   14:32    NW
18  15.8  19.8   18:15  12.6   23:38   9.2  10.8   9.7  11.7  33.1   11:07     W
19  13.4  16.6   13:54  10.5   23:51  11.6   8.4   2.5  10.7  34.2   12:39   WNW
20  14.4  19.5   16:13   9.8   04:42  10.6   9.4   0.0   9.5  22.0   01:44   WNW
21  14.4  18.4   17:38  10.9   02:14  10.6   9.4   0.0  10.1  40.3   12:57   WNW
22  14.9  21.1   10:58   7.6   04:59  10.1   9.9   5.9   7.7  27.0   10:53   SSW
23  13.3  17.5   13:44  11.5   23:28  11.7   8.3   3.4  14.4  40.3   16:39   WSW
24  14.0  19.3   15:09  11.1   02:42  11.0   9.0   0.0  15.3  37.8   13:00     W
25  15.7  21.4   14:30   9.8   04:39   9.3  10.7   0.0   9.2  35.6   14:11     W
26  17.1  23.4   12:56  10.4   03:31   7.8  12.2   1.3   5.6  36.7   14:25     W
27  18.0  22.6   15:52  14.2   07:09   7.0  13.0   0.0   3.9  13.3   11:43   WNW
28  18.2  21.6   10:44  15.7   23:44   6.8  13.2   0.0   9.0  28.1   17:03   WNW
29  17.5  22.0   17:12  12.9   23:58   7.5  12.5   0.0   7.7  22.0   13:22    NW
30  18.9  26.0   14:37  10.6   02:56   6.1  13.9   0.0   5.7  25.6   15:12     W
----------------------------------------------------------------------------------
    17.0  31.9     6     7.6    22   243.7 360.7  38.4   8.5  45.4     3     WNW

Max >=  25.0:  9
Max <=  15.0:  1
Min <=   0.0:  0
Min <= -15.0:  0
Max Rain: 9.7 on day 18
Days of Rain: 10 (>= 0.2 mm)  6 (>= 2.0 mm)  0 (>= 20.0 mm)
Heat Base: 25.0  Cool Base: 5.0  Method: Integration