NOAA-Style Climate Reports


Raport dla 2015 lipiec
                   Monthly Climatological Summary for lip 2015

Name: Œlesin k. Konina   City: Œlesin   State: Poland
Elevation: 81 ft  Lat: N 52° 21' 26"   Lon: E 018° 18' 35"

                  Temperature (°C), Rain (mm), Wind Speed (km/h)

                                      Heat  Cool        Avg
    Mean                              Deg   Deg         Wind                 Dom
Day Temp  High   Time   Low    Time   Days  Days  Rain  Speed High   Time    Dir
----------------------------------------------------------------------------------
 1  19.1  27.0   19:28  11.7   04:33   5.9  14.1   0.0   6.3  19.4   11:48     N
 2  21.1  28.4   19:29  13.0   04:36   4.6  16.1   0.0   4.9  25.6   15:42   ESE
 3  23.1  30.9   16:51  12.4   04:10   3.9  18.1   0.0   7.2  30.6   12:19   SSE
 4  25.2  34.7   19:36  14.5   04:41   3.0  20.2   0.0   4.8  22.0   08:53   SSW
 5  26.8  35.2   16:51  15.5   04:22   2.6  21.6   0.0   3.9  20.9   14:58    SW
 6  23.6  28.1   11:21  17.1   23:58   2.0  18.4   0.4   8.9  31.7   11:23   WNW
 7  23.2  32.8   19:29  12.0   05:06   3.8  18.2   0.0   7.8  30.6   11:01   WSW
 8  21.5  25.6   15:12  16.2   23:59   3.5  16.5  10.1  14.7  43.9   01:37   WNW
 9  16.6  21.3   12:02  13.5   23:56   8.3  11.6   3.8  15.9  56.2   12:38     W
10  13.9  16.6   15:02  11.5   04:17  11.1   9.0   0.0  20.3  43.9   12:50   WNW
11  16.4  22.8   19:28  10.7   04:08   8.7  11.5   0.0   9.1  30.6   16:44   WNW
12  18.3  26.1   15:47  10.6   04:28   6.8  13.3   0.0   4.6  23.4   15:54     W
13  18.0  23.0   16:21  15.5   03:59   7.0  13.0  11.3  11.6  34.2   15:00   WNW
14  18.0  23.0   13:41  15.2   03:41   7.0  13.0   0.4   8.2  22.0   17:41     W
15  19.1  24.5   16:44  14.1   03:28   5.9  14.1   0.0   8.9  34.2   17:46   WNW
16  19.6  25.7   17:45  11.4   04:37   5.4  14.7   0.0   4.3  18.4   10:47   WSW
17  22.4  29.3   16:34  14.2   05:36   3.6  17.4   0.0   3.6  24.5   14:04    NW
18  26.1  34.5   14:43  17.7   05:21   2.1  21.1   0.0  11.1  37.8   15:26     W
19  22.1  30.4   15:49  15.7   05:28   3.7  17.0  23.9  10.9  66.2   17:04     S
20  19.3  23.4   15:35  14.2   23:56   5.7  14.3   0.0  12.8  34.2   11:35   WNW
21  19.0  28.7   17:56  11.4   04:08   6.5  14.0   6.3   5.0  36.7   19:25   SSW
22  23.5  30.3   17:45  15.7   05:29   3.0  18.5   0.4   3.4  14.8   13:58   WSW
23  21.8  25.1   14:08  15.6   23:52   3.2  16.8   0.0   8.8  35.6   03:56    NW
24  21.1  28.2   19:23  12.6   04:35   4.5  16.1   0.0   3.3  14.8   15:03   SSW
25  21.2  29.8   12:46  17.1   22:51   4.1  16.2  29.0  10.4  49.0   14:37   SSE
26  16.6  19.2   16:32  11.1   23:23   8.3  11.6   0.4  18.3  43.9   07:34     W
27  16.4  22.0   13:37   9.2   03:31   8.7  11.4   0.0   7.1  24.5   15:22     S
28  18.6  22.9   14:48  15.1   05:39   6.4  13.6   2.1  15.6  41.8   13:02     W
29  18.4  22.3   13:07  15.0   04:37   6.6  13.4   0.0  13.0  35.6   23:56     W
30  16.2  20.0   17:04  11.7   04:51   8.8  11.2   0.0  19.8  47.9   11:58     W
31  15.0  18.7   14:42  10.0   23:30  10.0  10.0   0.0  13.3  39.2   10:28   WNW
----------------------------------------------------------------------------------
    20.0  35.2     5     9.2    27   174.7 466.0  88.1   9.5  66.2    19       W

Max >=  25.0: 18
Max <=  15.0:  0
Min <=   0.0:  0
Min <= -15.0:  0
Max Rain: 29.0 on day 25
Days of Rain: 11 (>= 0.2 mm)  7 (>= 2.0 mm)  2 (>= 20.0 mm)
Heat Base: 25.0  Cool Base: 5.0  Method: Integration