NOAA-Style Climate Reports


Raport dla 2017 sierpień
                   Monthly Climatological Summary for sie 2017

Name: Œlesin k. Konina   City: Œlesin   State: Poland
Elevation: 81 ft  Lat: N 52° 21' 26"   Lon: E 018° 18' 35"

                  Temperature (°C), Rain (mm), Wind Speed (km/h)

                                      Heat  Cool        Avg
    Mean                              Deg   Deg         Wind                 Dom
Day Temp  High   Time   Low    Time   Days  Days  Rain  Speed High   Time    Dir
----------------------------------------------------------------------------------
 1  27.2  34.3   16:36  20.1   00:00   1.3  22.2   0.0   7.6  24.5   15:00   SSE
 2  23.6  28.3   15:34  20.0   06:05   1.9  18.6   3.1   7.5  54.0   03:08   WNW
 3  24.3  29.6   12:26  19.5   02:30   1.9  19.3   0.0   7.4  33.1   17:34    SW
 4  23.8  29.0   13:38  19.7   05:01   1.9  18.8   0.0   9.5  37.8   13:09     W
 5  22.7  27.2   19:28  18.6   03:46   2.7  17.7   0.0   9.0  36.7   13:56     W
 6  19.9  23.8   15:29  15.6   23:57   5.1  14.9   0.7   8.6  34.2   13:26    NW
 7  19.4  25.8   13:08  12.8   04:59   5.7  14.4   0.0   2.4  13.3   10:52   WSW
 8  19.8  25.8   15:49  11.5   05:39   5.3  14.8   0.0  15.4  43.9   16:44    SE
 9  22.7  28.4   12:42  16.5   03:02   3.3  17.7   0.0   6.9  20.9   00:53     S
10  22.6  27.9   15:51  18.8   01:29   2.9  17.4  28.6   2.7  20.9   06:26   WNW
11  23.8  30.1   15:46  18.1   22:56   2.7  18.9  17.7   3.9  55.1   21:26   SSW
12  18.6  22.5   13:26  15.4   23:59   6.3  13.4   1.0  12.2  33.1   14:19     W
13  18.5  24.0   16:28  13.9   05:56   6.5  13.5   0.0   9.2  29.5   15:52     W
14  18.8  24.1   16:15  12.6   05:51   6.2  13.8   0.0   1.8  13.3   09:10   ESE
15  19.2  25.6   16:33  11.6   04:47   5.8  14.2   0.0  10.3  30.6   13:32    SE
16  19.8  29.0   12:27  14.5   05:27   5.4  14.8   4.1   7.1  25.6   12:40    SW
17  19.1  23.5   17:22  16.3   00:58   5.9  14.1   0.3   2.4  15.8   16:11   SSE
18  23.1  29.3   15:41  17.2   00:26   2.9  18.1   0.3   4.4  18.4   05:31   SSW
19  20.4  23.1   03:12  16.0   23:57   4.6  15.4   0.0   7.4  25.6   10:22     W
20  17.6  21.2   16:10  13.4   04:19   7.4  12.6   0.0   3.5  18.4   14:55   WNW
21  15.6  20.0   15:50  13.0   04:50   9.4  10.6   4.8  12.2  35.6   15:11     W
22  15.7  19.7   15:26  12.9   23:59   9.3  10.7   0.0  12.8  37.8   14:13   WNW
23  15.2  20.8   16:09  12.1   02:11   9.8  10.2   1.4   5.6  23.4   15:21    NW
24  17.8  24.1   16:22  11.8   04:45   7.2  12.7   0.3   2.7  15.8   12:27     W
25  20.1  24.3   13:07  15.8   06:45   7.2  12.7   0.0   8.0  27.0   12:27     W
26  20.7  25.6   12:03  15.8   05:33   6.1  22.3  58.5   2.4  27.0   12:21     W
27  19.9  24.8   14:33  15.7   23:33   5.1  14.9   0.0  10.0  29.5   14:33    NW
28  17.0  21.4   17:03  13.3   05:33   8.0  12.0   0.0   5.3  15.8   07:03    NW
29  17.9  24.8   14:33  10.7   05:33   7.1  12.9   0.0   4.2  14.8   14:33     S
30  20.0  27.6   16:33  11.7   05:33   5.6  15.0   0.0   4.5  15.8   10:33     S
31  22.4  30.4   15:33  14.3   03:03   3.9  17.2   0.0   5.7  23.4   22:56   WSW
----------------------------------------------------------------------------------
    20.2  34.3     1    10.7    29   157.2 463.1 120.8   7.0  55.1    11     WSW

Max >=  25.0: 16
Max <=  15.0:  0
Min <=   0.0:  0
Min <= -15.0:  0
Max Rain: 58.5 on day 26
Days of Rain: 12 (>= 0.2 mm)  6 (>= 2.0 mm)  2 (>= 20.0 mm)
Heat Base: 25.0  Cool Base: 5.0  Method: Integration