NOAA-Style Climate Reports


Raport dla 2017 paYdziernik
                   Monthly Climatological Summary for paŸ 2017

Name: Œlesin k. Konina   City: Œlesin   State: Poland
Elevation: 81 ft  Lat: N 52° 21' 26"   Lon: E 018° 18' 35"

                  Temperature (°C), Rain (mm), Wind Speed (km/h)

                                      Heat  Cool        Avg
    Mean                              Deg   Deg         Wind                 Dom
Day Temp  High   Time   Low    Time   Days  Days  Rain  Speed High   Time    Dir
----------------------------------------------------------------------------------
 1  11.6  18.3   14:24   6.1   06:40  13.4   6.6   0.0  11.5  27.0   12:40    SE
 2  12.5  18.7   14:21   5.5   05:17  12.5   7.5   0.0   8.6  23.4   14:49   SSW
 3  12.4  14.7   12:51  10.9   00:41  12.8   7.5   7.6  10.3  25.6   02:24   WSW
 4  11.9  14.2   15:20  10.1   04:07  13.1   6.9   0.0  20.4  47.9   22:27     W
 5  10.1  12.5   19:24   7.9   03:26  14.9   5.1   0.0  17.9  73.4   21:45     W
 6   9.7  13.1   15:24   7.9   22:07  15.3   4.7   0.0  14.1  37.8   00:33   WNW
 7  10.7  14.6   14:27   8.8   00:00  14.6   5.7  27.0  13.5  34.2   23:27     W
 8  10.0  13.3   14:15   6.7   23:47  15.2   5.1   6.5  13.1  35.6   00:40     W
 9   9.2  12.8   13:38   6.0   06:09  15.8   4.2   0.0  21.1  49.0   16:21   WNW
10   9.9  13.3   14:48   7.1   07:37  15.1   4.9   0.0  14.9  31.7   02:30     W
11  13.8  16.1   15:43  12.4   00:00  11.2   8.8   0.0  18.4  37.8   19:04     W
12  14.4  17.2   15:19  11.7   23:39  10.6   9.4   0.0  18.4  42.8   14:37   WNW
13  12.1  15.3   13:46  10.2   23:48  12.9   7.1   0.0  17.5  46.4   11:50   WNW
14  14.1  18.4   15:57  10.0   06:11  10.9   9.1   0.0  11.6  36.7   13:33     W
15  15.5  19.7   12:30  11.0   23:53   9.5  10.5   0.0   8.0  27.0   08:12   WNW
16  15.3  21.6   14:27  10.5   01:56   9.7  10.3   0.0   5.4  24.5   15:20     W
17  16.1  22.8   14:55  11.4   06:24   8.9  11.1   0.0   3.7  19.4   11:56   WSW
18  14.3  20.7   14:55  10.4   06:29  10.7   9.3   0.0   0.9   9.7   11:00     W
19  12.5  17.1   14:18   8.3   08:00  12.5   7.5   0.0   1.3  14.8   22:12   ESE
20  12.2  13.8   14:12  10.4   00:54  12.8   7.2   0.0  10.0  23.4   20:18   SSE
21  12.6  15.7   14:31   9.2   23:36  12.4   7.6   0.0   4.9  19.4   10:35     W
22   9.3  11.0   12:12   6.7   03:27  15.7   4.3   0.0   4.0  15.8   12:35     S
23   8.7   9.9   11:26   5.4   23:43  16.3   3.7   0.0   3.1  15.8   10:29   NNW
24   8.7  11.5   14:44   5.0   00:35  16.3   3.7   0.0   3.0  14.8   19:41   SSE
25  10.6  14.7   20:49   7.5   07:06  14.4   5.6   0.0  12.5  34.2   22:17    SW
26  12.0  13.7   00:00  10.8   05:18  13.0   7.0   0.0  15.8  30.6   00:34   WNW
27  10.5  12.5   14:03   7.2   22:57  14.5   5.5   0.0  13.4  30.6   13:08    NW
28   8.8  10.0   12:20   6.9   00:18  16.2   3.8  21.0  25.7  60.1   15:07   WNW
29   7.4   9.6   05:09   4.3   23:01  18.5   2.6   0.0  26.7  56.2   08:54    NW
30   4.7   7.0   10:45   2.1   23:36  20.3   0.3   0.0  20.1  50.0   14:37    NW
31   4.9   8.5   14:24   1.6   06:51  20.1   1.0  26.0  14.2  34.2   10:19   WNW
----------------------------------------------------------------------------------
    11.2  22.8    17     1.6    31   430.1 193.6  88.1  12.4  73.4     5       W

Max >=  25.0:  0
Max <=  15.0: 19
Min <=   0.0:  0
Min <= -15.0:  0
Max Rain: 27.0 on day 7
Days of Rain: 5 (>= 0.2 mm)  5 (>= 2.0 mm)  3 (>= 20.0 mm)
Heat Base: 25.0  Cool Base: 5.0  Method: Integration