NOAA-Style Climate Reports


Raport dla 2018 styczeń
                   Monthly Climatological Summary for sty 2018

Name: Œlesin k. Konina   City: Œlesin   State: Poland
Elevation: 81 ft  Lat: N 52° 21' 26"   Lon: E 018° 18' 35"

                  Temperature (°C), Rain (mm), Wind Speed (km/h)

                                      Heat  Cool        Avg
    Mean                              Deg   Deg         Wind                 Dom
Day Temp  High   Time   Low    Time   Days  Days  Rain  Speed High   Time    Dir
----------------------------------------------------------------------------------
 1   7.7  10.0   10:56   3.1   23:37  17.3   2.9   0.0  12.9  41.8   13:08   WSW
 2   2.9   5.1   14:04   0.1   04:36  22.1   0.0   0.7   6.7  28.1   17:55   WSW
 3   3.4   5.0   23:55   1.2   07:42  21.6   0.0   5.4  13.4  33.1   13:10   SSW
 4   6.5   8.0   12:58   5.0   00:00  18.5   1.5   2.4  20.9  50.0   07:35     W
 5   6.9   8.7   13:17   3.7   00:50  18.1   2.0   0.7  17.5  43.9   11:33     W
 6   5.1   8.1   13:07   3.5   06:52  19.9   0.6   0.0   4.4  20.9   10:57     W
 7   2.2   5.0   00:42  -2.3   23:52  22.8   0.0   0.0   7.3  25.6   11:53    NE
 8  -2.5   0.6   13:29  -4.8   07:49  27.3   0.0   0.0   3.3  12.2   12:38     E
 9   0.1   2.7   13:11  -3.5   00:00  24.9   0.0   0.0  24.2  43.9   17:12    SE
10   1.7   2.3   12:14   0.8   23:42  23.3   0.0   0.0  16.2  33.1   01:59    SE
11   1.0   1.4   14:18   0.6   04:07  24.0   0.0   0.7  12.1  23.4   05:02   ESE
12  -0.1   1.0   00:00  -1.2   16:40  25.1   0.0   0.3  20.8  35.6   15:59    SE
13  -0.7   1.0   13:07  -3.0   23:48  25.7   0.0   0.0  23.3  42.8   18:07    SE
14  -3.5  -1.5   14:46  -5.5   23:53  17.2   0.0   0.0  23.2  49.0   03:19    SE
15  -4.2  -1.6   13:52  -6.1   07:35  29.2   0.0   0.0  20.4  34.2   06:33   SSE
16  -0.8   1.1   20:36  -3.5   00:17  25.8   0.0   0.0  15.3  39.2   04:40   SSE
17   1.7   2.8   12:03   1.0   00:00  23.3   0.0   4.8  16.9  41.8   03:40     W
18   1.7   3.3   11:22   0.8   16:14  23.3   0.0   4.8  18.0  52.6   22:42     W
19   1.6   3.0   13:09   0.6   22:09  23.4   0.0   0.3  16.7  43.9   05:40   WNW
20   1.1   2.6   13:30  -0.6   20:53  23.9   0.0   2.0   4.3  17.3   09:24   WSW
21  -0.8   0.6   10:36  -2.0   06:10  25.8   0.0   0.0   3.9  13.3   18:44     E
22  -2.3  -0.7   13:15  -4.1   06:55  27.3   0.0   0.3  12.5  29.5   23:50   SSE
23  -3.2  -1.0   23:52  -6.2   07:15  28.2   0.0   0.0  10.8  30.6   00:48    SE
24   2.5   4.5   14:29  -1.0   00:00  22.3   0.0   0.3   9.6  27.0   20:42    SW
25   5.4   7.9   12:41   3.6   00:00  19.6   0.8   0.0   9.5  27.0   10:47    SW
26   3.9   6.5   13:26   0.0   01:29  21.1   0.2   0.0   3.5  15.8   21:31    SW
27   3.6   4.7   13:18   2.1   06:56  21.4   0.0   0.0   3.3  14.8   23:51     W
28   5.9   8.0   14:33   3.6   00:00  19.1   1.2   1.4  22.6  51.5   15:00     W
29   8.7  10.0   17:43   5.7   23:57  16.3   3.7   2.7  32.5  56.2   18:38   WNW
30   5.1   6.0   13:38   3.7   23:14  19.9   0.3   0.7  23.6  47.9   08:56   WNW
31   3.7   6.6   13:16  -0.4   07:39  21.2   0.3  13.4  11.6  33.1   18:33    SW
----------------------------------------------------------------------------------
     2.1  10.0     1    -6.2    23   698.9  13.5  40.9  14.2  56.2    29      SW

Max >=  25.0:  0
Max <=  15.0: 31
Min <=   0.0: 15
Min <= -15.0:  0
Max Rain: 13.4 on day 31
Days of Rain: 16 (>= 0.2 mm)  7 (>= 2.0 mm)  0 (>= 20.0 mm)
Heat Base: 25.0  Cool Base: 5.0  Method: Integration