NOAA-Style Climate Reports


Raport dla 2018 marzec
                   Monthly Climatological Summary for mar 2018

Name: Œlesin k. Konina   City: Œlesin   State: Poland
Elevation: 81 ft  Lat: N 52° 21' 26"   Lon: E 018° 18' 35"

                  Temperature (°C), Rain (mm), Wind Speed (km/h)

                                      Heat  Cool        Avg
    Mean                              Deg   Deg         Wind                 Dom
Day Temp  High   Time   Low    Time   Days  Days  Rain  Speed High   Time    Dir
----------------------------------------------------------------------------------
 1 -11.1  -7.4   15:09 -13.9   04:12  36.1   0.0   0.0   7.1  23.4   11:48     E
 2 -10.4  -5.6   12:52 -14.9   02:44  35.4   0.0   0.0   9.8  29.5   10:49   ESE
 3  -8.1  -3.2   13:10 -13.5   05:33  33.4   0.0   0.0   4.3  15.8   13:10   NNE
 4  -5.9   0.8   15:09 -13.5   05:53  30.9   0.0   0.0   7.0  27.0   12:30    SE
 5  -0.2   6.4   14:08  -6.7   06:14  25.2   0.2   0.0   9.8  25.6   09:20   SSE
 6   2.6   7.2   12:47  -1.1   05:33  22.4   0.3   0.3   9.8  29.5   20:13    SE
 7   2.6   5.3   11:57   1.1   00:00  22.4   0.0   1.0   6.4  25.6   00:21     S
 8   3.9   7.0   13:38  -0.8   23:59  21.1   0.5   0.0   8.1  28.1   11:07     W
 9   5.6   8.4   14:18  -1.0   00:17  19.4   2.4   1.7  11.9  46.4   14:43     W
10   4.7   9.2   11:47  -0.9   03:48  20.1   1.5   0.0   4.8  23.4   11:36   SSE
11   9.8  16.6   14:24   5.4   00:52  15.0   4.8   0.0   5.7  22.0   15:27     S
12  10.2  17.3   13:11   5.5   03:06  14.8   5.2   0.3  11.3  29.5   14:18     S
13  10.0  13.6   13:10   8.3   00:00  15.0   5.0   0.7  20.5  46.4   11:14     W
14   5.5   8.8   00:18   2.1   23:51  19.5   0.9   0.3   9.0  27.0   07:08    NW
15   1.5   2.9   13:18   0.0   22:05  23.5   0.0   0.0  11.4  25.6   22:53     E
16   0.1   1.2   10:31  -3.0   23:53  24.9   0.0   0.0  22.2  43.9   12:52     E
17  -3.2  -0.1   13:01  -5.5   04:06  28.2   0.0   0.0  25.5  45.4   12:37     E
18  -2.7   1.2   14:35  -6.1   05:16  27.7   0.0   0.0  23.2  49.0   11:53   ESE
19  -1.9   3.8   13:59  -7.3   05:35  26.9   0.0   0.0   9.9  37.8   11:43   ESE
20  -0.3   6.2   14:48  -8.6   05:19  25.3   0.1   0.0   8.0  30.6   23:34     N
21   1.0   5.3   15:22  -3.3   05:57  24.0   0.0   0.0  10.6  30.6   08:41     N
22   3.2   7.5   11:40   0.3   00:00  21.8   0.2   0.0  15.3  37.8   11:10     N
23   3.2   5.1   13:47   1.4   06:12  21.8   0.0   0.7   2.3  15.8   00:31     N
24   4.2   9.2   12:53   0.1   23:50  20.8   0.9   0.0   3.5  14.8   15:12     N
25   4.8  12.7   15:46  -2.5   06:46  19.3   2.2   0.0   4.8  22.0   16:36     N
26   4.9   9.9   15:26   0.5   04:52  20.1   1.2   0.0   7.0  22.0   09:16     N
27   1.7   4.6   00:00  -2.2   23:41  23.3   0.0   0.3   6.2  22.0   01:21     N
28   1.6   5.4   14:26  -3.1   03:51  23.4   0.0   0.0  16.6  50.0   23:48     N
29   4.6   8.0   12:56   1.9   03:52  20.4   0.8   1.4  19.4  43.9   00:42     N
30   6.0  11.0   16:05   1.7   06:28  19.0   1.9   0.0   9.9  35.6   12:49     N
31   5.2   9.3   12:00   0.6   05:18  19.8   1.6  10.8  16.0  35.6   19:08     N
----------------------------------------------------------------------------------
     1.7  17.3    12   -14.9     2   720.9  29.7  17.5  10.9  50.0    28      NE

Max >=  25.0:  0
Max <=  15.0: 29
Min <=   0.0: 19
Min <= -15.0:  0
Max Rain: 10.8 on day 31
Days of Rain: 10 (>= 0.2 mm)  1 (>= 2.0 mm)  0 (>= 20.0 mm)
Heat Base: 25.0  Cool Base: 5.0  Method: Integration