NOAA-Style Climate Reports


Raport dla 2018 maj
                   Monthly Climatological Summary for maj 2018

Name: Œlesin k. Konina   City: Œlesin   State: Poland
Elevation: 81 m  Lat: N 52° 21' 26"   Lon: E 018° 18' 35"

                  Temperature (°C), Rain (mm), Wind Speed (km/h)

                                      Heat  Cool        Avg
    Mean                              Deg   Deg         Wind                 Dom
Day Temp  High   Time   Low    Time   Days  Days  Rain  Speed High   Time    Dir
----------------------------------------------------------------------------------
 1  16.6  20.8   17:46  11.1   06:06   8.4  11.5   0.3   4.4  19.4   11:54   WNW
 2  14.3  17.2   12:28   9.5   05:45  11.2   9.7   0.0   5.1  22.0   15:44   ENE
 3  18.4  25.9   15:12  12.2   23:13   6.9  13.7  19.0   9.7  52.6   21:23     N
 4  14.0  18.6   15:06  10.4   23:57  11.1   9.1   0.0   7.6  24.5   03:55   NNE
 5  12.7  18.4   15:47   6.5   05:28  12.5   7.8   0.0   5.6  23.4   13:48   NNE
 6  14.1  20.2   15:50   6.7   05:10  11.0   9.2   0.0   3.5  20.9   15:10    NE
 7  16.3  22.4   16:09   8.1   05:16   8.8  11.5   0.0   2.3  15.8   15:38    NE
 8  18.1  24.2   15:45  10.8   05:15   6.9  13.1   0.0   5.1  34.2   13:56   ESE
 9  19.3  26.4   15:44  11.6   05:13   6.0  14.6  12.6   4.7  25.6   11:53     E
10  19.5  26.2   16:37  12.8   05:17   5.7  14.5   0.0   8.7  33.1   12:47    SE
11  19.3  24.0   15:21  14.5   04:34   5.7  14.3   9.9   5.9  20.9   15:26     W
12  18.2  23.1   16:32  14.4   23:47   6.8  13.4   0.3   2.3  14.8   15:29   ESE
13  18.4  23.9   15:54  10.5   04:35   6.6  13.4   0.0   6.5  29.5   12:06   ESE
14  16.1  20.9   14:28  10.5   05:12   8.9  11.1   0.0   8.8  51.5   22:29   ESE
15  14.7  18.8   16:26   9.8   05:22  10.3   9.7   0.7   4.9  28.1   13:07   ESE
16  16.6  20.8   13:01  14.0   05:01   8.4  11.7  15.3   3.7  33.1   18:38    NE
17  15.2  17.9   12:19  13.8   05:42   9.8  10.2  11.9   7.8  33.1   18:04     N
18  14.4  20.1   14:07  12.1   07:01  10.6   9.5   8.2   8.9  27.0   13:55    NW
19  14.0  19.7   16:15   8.6   05:03  11.0   9.0   0.3   5.8  22.0   11:00     N
20  15.3  20.4   14:50   9.0   04:57   9.8  10.4   0.0   3.0  19.4   12:46   NNE
21  15.8  21.2   14:55   9.0   05:02   9.2  10.8   0.0   5.5  28.1   12:06   ESE
22  16.7  22.8   15:31   9.8   05:36   8.3  11.7   0.0   3.5  17.3   00:36    SE
23  17.7  23.6   13:32   9.8   04:10   7.3  12.7   0.0   2.0  17.3   13:36    NE
24  18.3  23.5   16:34  11.8   04:36   6.8  13.5   0.0   5.2  28.1   15:47     E
25  17.9  24.3   12:52  12.7   04:57   7.1  12.9   0.0   4.5  22.0   15:36     E
26  19.5  25.6   13:57  12.6   03:46   5.5  14.5   0.0   3.5  20.9   18:33    SE
27  19.8  26.3   14:59  14.1   03:42   5.3  14.8   0.0   4.3  22.0   12:27    SE
28  22.3  28.0   13:34  15.3   05:06   3.5  17.3   0.0  10.0  30.6   10:17    SE
29  22.4  28.5   14:59  14.2   04:44   3.5  17.4   0.0  15.2  41.8   12:39    SE
30  22.1  29.9   13:09  14.4   05:08   3.7  17.1   0.0   4.5  31.7   13:36   SSE
31  23.4  30.5   15:02  15.0   05:16   3.3  18.2   0.0   1.9  12.2   12:42     S
----------------------------------------------------------------------------------
    17.5  30.5    31     6.5     5   239.9 388.3  78.5   5.6  52.6     3       E

Max >=  25.0:  9
Max <=  15.0:  0
Min <=   0.0:  0
Min <= -15.0:  0
Max Rain: 19.0 on day 3
Days of Rain: 10 (>= 0.2 mm)  6 (>= 2.0 mm)  0 (>= 20.0 mm)
Heat Base: 25.0  Cool Base: 5.0  Method: Integration