NOAA-Style Climate Reports


Raport dla 2018 wrzesień
                   Monthly Climatological Summary for wrz 2018

Name: Œlesin k. Konina   City: Œlesin   State: Poland
Elevation: 81 m  Lat: N 52° 21' 26"   Lon: E 018° 18' 35"

                  Temperature (°C), Rain (mm), Wind Speed (km/h)

                                      Heat  Cool        Avg
    Mean                              Deg   Deg         Wind                 Dom
Day Temp  High   Time   Low    Time   Days  Days  Rain  Speed High   Time    Dir
----------------------------------------------------------------------------------
 1  19.0  24.2   15:33  13.1   04:20   6.0  13.9   0.0   2.5  17.3   13:58     E
 2  21.9  28.2   14:32  16.1   06:07   3.7  16.9   0.0   7.6  31.7   13:24     E
 3  20.9  26.4   15:28  15.7   06:07   4.2  15.9   0.0   4.9  25.6   13:23     E
 4  20.1  25.6   14:26  13.9   05:47   4.9  15.1   0.0   2.2  15.8   16:27   NNE
 5  19.2  24.4   16:53  15.9   03:00   5.8  14.2   0.0   3.5  17.3   18:24     N
 6  18.1  23.9   15:38  14.4   06:25   6.9  13.1   0.0   1.6  12.2   11:41   NNW
 7  17.6  27.1   14:45  12.1   04:50  10.6  14.5   0.0   1.3  18.4   23:41   WNW
 8  10.2  20.6   19:59  12.1   04:46  40.1  17.6   0.0  50.7  15.0   14:07     N
 9  15.5  23.6   14:07   7.9   05:00   9.6  11.8   0.0   1.9  12.2   11:54    SW
10  12.5  26.5   14:47   9.8   06:50  14.7   8.6   0.0   1.7  15.0   07:42   SSW
11  19.2  22.5   17:01  15.4   06:43   5.8  14.5   0.0   5.4  25.6   13:41   WSW
12  22.8  29.5   14:14  17.1   06:26   3.3  18.2   0.0   9.8  33.1   12:57     W
13  16.4  21.5   14:16  13.3   06:47   8.6  11.4   5.1   3.5  23.4   15:45     N
14  15.7  18.8   15:13  13.3   00:29   9.3  10.7   0.7   1.3  14.8   12:15    NW
15  17.2  20.3   13:58  14.9   23:54   7.8  12.1   0.0  10.4  31.7   12:23     W
16  15.8  21.5   16:34  10.6   23:56   9.2  10.8   0.0   5.1  23.4   15:49     W
17  17.0  25.6   14:50  10.2   03:30   8.1  12.0   0.0   2.9  15.8   11:29   WSW
18  19.0  27.9   14:30  10.6   04:40   6.5  13.9   0.0   3.2  19.4   13:32     S
19  22.4  29.7   14:30   0.1   17:04   3.4  16.9   0.0   6.6  22.0   00:50   WSW
20  21.5  30.1   14:37  14.4   04:07   4.7  16.5   0.0   3.9  24.5   14:18   WSW
21  22.5  29.4   14:46  15.4   06:46   3.5  17.6   0.7   8.5  34.2   21:52    SW
22  14.0  16.5   16:15  12.3   07:42  11.0   9.0   1.7  17.2  40.3   09:28     W
23  12.3  15.7   12:45   9.6   23:52  12.8   7.3  15.3   9.4  24.5   10:50     W
24   9.0  11.9   15:21   6.7   23:01  15.9   4.0   8.2  17.5  42.8   11:39    NW
25   9.2  14.3   14:28   5.6   06:49  15.7   4.2   0.3  12.0  36.7   13:20    NW
26  10.3  14.1   13:21   5.5   06:27  14.7   5.3   0.0  15.0  39.2   12:34     W
27  15.0  16.8   15:17  13.2   03:11  10.0  10.0   0.0  15.4  41.8   00:17     W
28  13.8  16.5   10:37   9.4   23:56  11.2   8.8   0.0  10.3  28.1   16:21    NW
29  10.2  15.5   15:38   5.6   07:09  15.0   5.3   0.0   4.3  17.3   13:32    NW
30   9.6  17.3   14:22   3.3   04:50  15.4   4.9   0.0   4.5  25.6   12:12    SW
----------------------------------------------------------------------------------
    16.3  30.1    20     0.1    19   298.4 355.0  32.0  23.0  42.8    24     WNW

Max >=  25.0: 11
Max <=  15.0:  3
Min <=   0.0:  0
Min <= -15.0:  0
Max Rain: 15.3 on day 23
Days of Rain: 7 (>= 0.2 mm)  3 (>= 2.0 mm)  0 (>= 20.0 mm)
Heat Base: 25.0  Cool Base: 5.0  Method: Integration